{"id":54647,"date":"2023-06-26T17:01:45","date_gmt":"2023-06-26T17:01:45","guid":{"rendered":"https:\/\/dentafrica.com\/?product=xp-endo-finisher-limes-rotatives-fkg-acteon"},"modified":"2024-04-25T18:04:21","modified_gmt":"2024-04-25T18:04:21","slug":"xp-endo-finisher-limes-rotatives-fkg-acteon","status":"publish","type":"product","link":"https:\/\/dentafrica.com\/?product=xp-endo-finisher-limes-rotatives-fkg-acteon","title":{"rendered":"XP-endo Finisher (limes rotatives) FKG &#8211; ACTEON"},"content":{"rendered":"<p>Bas\u00e9 sur les principes de m\u00e9moire de forme de l&rsquo;alliage NiTi et gr\u00e2ce \u00e0 son extraordinaire capacit\u00e9 d&rsquo;expansion, la lime XP-endo Finisher est capable de traiter des canaux de racine avec des morphologies tr\u00e8s complexes, du plus \u00e9troit au plus grand,\u00a0jusqu&rsquo;aux canaux les plus s\u00e9v\u00e8rement incurv\u00e9s.<br data-mce-fragment=\"1\">En raison de sa petite taille de noyau &#8211; ISO 25 en diam\u00e8tre &#8211; et de sa conicit\u00e9 nulle, XP-endo Finisher b\u00e9n\u00e9ficie d&rsquo;une flexibilit\u00e9 incroyable et d&rsquo;une r\u00e9sistance in\u00e9gal\u00e9e \u00e0 la fatigue cyclique. De plus, la lime contactera et nettoiera la dentine mais\u00a0ne changera\u00a0pas la forme originale du canal.\u00a0Instrument universel pouvant \u00eatre utilis\u00e9 apr\u00e8s toute pr\u00e9paration de canal radiculaire de diam\u00e8tre ISO 25 ou sup\u00e9rieur.<\/p>\n<p>Blister de 3 limes de 21 mm ou 25 mm<\/p>\n","protected":false},"excerpt":{"rendered":"<p>Bas\u00e9 sur les principes de m\u00e9moire de forme de l&rsquo;alliage NiTi et gr\u00e2ce \u00e0 son extraordinaire capacit\u00e9 d&rsquo;expansion, la lime XP-endo Finisher est capable de traiter des canaux de racine avec des morphologies tr\u00e8s complexes, du plus \u00e9troit au plus grand,\u00a0jusqu&rsquo;aux canaux les plus s\u00e9v\u00e8rement incurv\u00e9s.En raison de sa petite taille de noyau &#8211; ISO [&hellip;]<\/p>\n","protected":false},"featured_media":56017,"comment_status":"open","ping_status":"closed","template":"","meta":[],"product_cat":[1444],"product_tag":[1459,1490,515,1452,1453,1460],"class_list":{"0":"post-54647","1":"product","2":"type-product","3":"status-publish","4":"has-post-thumbnail","6":"product_cat-non-classe","7":"product_tag-endodontie","8":"product_tag-lime","9":"product_tag-marque_acteon","10":"product_tag-omnipratique","11":"product_tag-produits-annexes","12":"product_tag-specialite_endodontie","14":"first","15":"instock","16":"shipping-taxable","17":"purchasable","18":"product-type-variable"},"_links":{"self":[{"href":"https:\/\/dentafrica.com\/index.php?rest_route=\/wp\/v2\/product\/54647","targetHints":{"allow":["GET"]}}],"collection":[{"href":"https:\/\/dentafrica.com\/index.php?rest_route=\/wp\/v2\/product"}],"about":[{"href":"https:\/\/dentafrica.com\/index.php?rest_route=\/wp\/v2\/types\/product"}],"replies":[{"embeddable":true,"href":"https:\/\/dentafrica.com\/index.php?rest_route=%2Fwp%2Fv2%2Fcomments&post=54647"}],"wp:featuredmedia":[{"embeddable":true,"href":"https:\/\/dentafrica.com\/index.php?rest_route=\/wp\/v2\/media\/56017"}],"wp:attachment":[{"href":"https:\/\/dentafrica.com\/index.php?rest_route=%2Fwp%2Fv2%2Fmedia&parent=54647"}],"wp:term":[{"taxonomy":"product_cat","embeddable":true,"href":"https:\/\/dentafrica.com\/index.php?rest_route=%2Fwp%2Fv2%2Fproduct_cat&post=54647"},{"taxonomy":"product_tag","embeddable":true,"href":"https:\/\/dentafrica.com\/index.php?rest_route=%2Fwp%2Fv2%2Fproduct_tag&post=54647"}],"curies":[{"name":"wp","href":"https:\/\/api.w.org\/{rel}","templated":true}]}}