{"id":53716,"date":"2023-06-26T16:56:00","date_gmt":"2023-06-26T16:56:00","guid":{"rendered":"https:\/\/dentafrica.com\/?product=tissue-punch-5-5mm"},"modified":"2024-04-25T18:02:35","modified_gmt":"2024-04-25T18:02:35","slug":"tissue-punch-5-5mm","status":"publish","type":"product","link":"https:\/\/dentafrica.com\/?product=tissue-punch-5-5mm","title":{"rendered":"Tissue Punch 5.5mm"},"content":{"rendered":"<style type=\"text\/css\"><!--\ntd {border: 1px solid #ccc;}br {mso-data-placement:same-cell;}\n--><\/style>\n<style type=\"text\/css\"><!--\ntd {border: 1px solid #ccc;}br {mso-data-placement:same-cell;}\n--><\/style>\n<style type=\"text\/css\"><!--\ntd {border: 1px solid #ccc;}br {mso-data-placement:same-cell;}\n--><\/style>\n<style type=\"text\/css\"><!--\ntd {border: 1px solid #ccc;}br {mso-data-placement:same-cell;}\n--><\/style>\n<style type=\"text\/css\"><!--\ntd {border: 1px solid #ccc;}br {mso-data-placement:same-cell;}\n--><\/style>\n<p><span data-sheets-userformat='{\"2\":6979,\"3\":{\"1\":0},\"4\":{\"1\":2,\"2\":10878909},\"9\":0,\"11\":4,\"12\":0,\"14\":{\"1\":2,\"2\":0},\"15\":\"Arial\"}' data-sheets-value='{\"1\":2,\"2\":\"Tissue punch tr\u00e9phine pour les tissus mous. Longueur 10mm, diam\u00e8tre interne 4,5mm, diam\u00e8tre externe 5,5mm\"}'><font style=\"vertical-align: inherit;\"><font style=\"vertical-align: inherit;\">Tissu punch tr\u00e9phine pour les tissus mous. <\/font><\/font><\/span><\/p>\n<p><span data-sheets-userformat='{\"2\":6979,\"3\":{\"1\":0},\"4\":{\"1\":2,\"2\":10878909},\"9\":0,\"11\":4,\"12\":0,\"14\":{\"1\":2,\"2\":0},\"15\":\"Arial\"}' data-sheets-value='{\"1\":2,\"2\":\"Tissue punch tr\u00e9phine pour les tissus mous. Longueur 10mm, diam\u00e8tre interne 4,5mm, diam\u00e8tre externe 5,5mm\"}'><font style=\"vertical-align: inherit;\"><font style=\"vertical-align: inherit;\">Longueur 10mm, diam\u00e8tre interne 4,5mm, diam\u00e8tre externe 5,5mm\u00a0\u00a0<\/font><\/font><\/span><\/p>\n","protected":false},"excerpt":{"rendered":"<p>Tissu punch tr\u00e9phine pour les tissus mous. Longueur 10mm, diam\u00e8tre interne 4,5mm, diam\u00e8tre externe 5,5mm\u00a0\u00a0<\/p>\n","protected":false},"featured_media":55585,"comment_status":"open","ping_status":"closed","template":"","meta":[],"product_cat":[1444],"product_tag":[1581,875,1716,1495,1763,1661,1476,1543,1468,1727,1852],"class_list":{"0":"post-53716","1":"product","2":"type-product","3":"status-publish","4":"has-post-thumbnail","6":"product_cat-non-classe","7":"product_tag-implantologie","8":"product_tag-instrument_tissue-punch","9":"product_tag-instrumentation-implantologie","10":"product_tag-instruments","11":"product_tag-kits-implantologie","12":"product_tag-les-instruments-chirurgicaux","13":"product_tag-marque_sans-marque","14":"product_tag-outils-implantologie","15":"product_tag-safe-implant","16":"product_tag-specialite_implantologie","17":"product_tag-trepans","19":"first","20":"instock","21":"shipping-taxable","22":"purchasable","23":"product-type-simple"},"_links":{"self":[{"href":"https:\/\/dentafrica.com\/index.php?rest_route=\/wp\/v2\/product\/53716","targetHints":{"allow":["GET"]}}],"collection":[{"href":"https:\/\/dentafrica.com\/index.php?rest_route=\/wp\/v2\/product"}],"about":[{"href":"https:\/\/dentafrica.com\/index.php?rest_route=\/wp\/v2\/types\/product"}],"replies":[{"embeddable":true,"href":"https:\/\/dentafrica.com\/index.php?rest_route=%2Fwp%2Fv2%2Fcomments&post=53716"}],"wp:featuredmedia":[{"embeddable":true,"href":"https:\/\/dentafrica.com\/index.php?rest_route=\/wp\/v2\/media\/55585"}],"wp:attachment":[{"href":"https:\/\/dentafrica.com\/index.php?rest_route=%2Fwp%2Fv2%2Fmedia&parent=53716"}],"wp:term":[{"taxonomy":"product_cat","embeddable":true,"href":"https:\/\/dentafrica.com\/index.php?rest_route=%2Fwp%2Fv2%2Fproduct_cat&post=53716"},{"taxonomy":"product_tag","embeddable":true,"href":"https:\/\/dentafrica.com\/index.php?rest_route=%2Fwp%2Fv2%2Fproduct_tag&post=53716"}],"curies":[{"name":"wp","href":"https:\/\/api.w.org\/{rel}","templated":true}]}}