{"id":52756,"date":"2023-06-26T16:49:21","date_gmt":"2023-06-26T16:49:21","guid":{"rendered":"https:\/\/dentafrica.com\/?product=seringues-3-corps-terumo"},"modified":"2024-04-25T18:00:59","modified_gmt":"2024-04-25T18:00:59","slug":"seringues-3-corps-terumo","status":"publish","type":"product","link":"https:\/\/dentafrica.com\/?product=seringues-3-corps-terumo","title":{"rendered":"Seringues 3 corps &#8211; TERUMO"},"content":{"rendered":"<p>Seringues classiques en poly\u00e9thyl\u00e8ne 3 corps avec joints d&rsquo;\u00e9tanch\u00e9it\u00e9 sous sachet individuel st\u00e9rile.<\/p>\n<p>Haute lisibilit\u00e9 des graduations et optimisation du glissement du piston. Les seringues se clipsent.<\/p>\n<p>Bo\u00eete de 100.<\/p>\n","protected":false},"excerpt":{"rendered":"<p>Seringues classiques en poly\u00e9thyl\u00e8ne 3 corps avec joints d&rsquo;\u00e9tanch\u00e9it\u00e9 sous sachet individuel st\u00e9rile. Haute lisibilit\u00e9 des graduations et optimisation du glissement du piston. Les seringues se clipsent. Bo\u00eete de 100.<\/p>\n","protected":false},"featured_media":55247,"comment_status":"open","ping_status":"closed","template":"","meta":[],"product_cat":[1444],"product_tag":[1496,1497,785,1466,1453,1499,1500,1469],"class_list":{"0":"post-52756","1":"product","2":"type-product","3":"status-publish","4":"has-post-thumbnail","6":"product_cat-non-classe","7":"product_tag-irrigation","8":"product_tag-irrigation_seringue","9":"product_tag-marque_terumo","10":"product_tag-pharmacie-usage-unique","11":"product_tag-produits-annexes","12":"product_tag-seringues","13":"product_tag-seringues-et-aiguilles","14":"product_tag-usage-unique","16":"first","17":"instock","18":"shipping-taxable","19":"purchasable","20":"product-type-variable"},"_links":{"self":[{"href":"https:\/\/dentafrica.com\/index.php?rest_route=\/wp\/v2\/product\/52756","targetHints":{"allow":["GET"]}}],"collection":[{"href":"https:\/\/dentafrica.com\/index.php?rest_route=\/wp\/v2\/product"}],"about":[{"href":"https:\/\/dentafrica.com\/index.php?rest_route=\/wp\/v2\/types\/product"}],"replies":[{"embeddable":true,"href":"https:\/\/dentafrica.com\/index.php?rest_route=%2Fwp%2Fv2%2Fcomments&post=52756"}],"wp:featuredmedia":[{"embeddable":true,"href":"https:\/\/dentafrica.com\/index.php?rest_route=\/wp\/v2\/media\/55247"}],"wp:attachment":[{"href":"https:\/\/dentafrica.com\/index.php?rest_route=%2Fwp%2Fv2%2Fmedia&parent=52756"}],"wp:term":[{"taxonomy":"product_cat","embeddable":true,"href":"https:\/\/dentafrica.com\/index.php?rest_route=%2Fwp%2Fv2%2Fproduct_cat&post=52756"},{"taxonomy":"product_tag","embeddable":true,"href":"https:\/\/dentafrica.com\/index.php?rest_route=%2Fwp%2Fv2%2Fproduct_tag&post=52756"}],"curies":[{"name":"wp","href":"https:\/\/api.w.org\/{rel}","templated":true}]}}