{"id":52678,"date":"2023-06-26T16:48:40","date_gmt":"2023-06-26T16:48:40","guid":{"rendered":"https:\/\/dentafrica.com\/?product=seal-it-scellant-de-puits-et-de-fissures-photopolymerisable"},"modified":"2024-04-25T18:00:50","modified_gmt":"2024-04-25T18:00:50","slug":"seal-it-scellant-de-puits-et-de-fissures-photopolymerisable","status":"publish","type":"product","link":"https:\/\/dentafrica.com\/?product=seal-it-scellant-de-puits-et-de-fissures-photopolymerisable","title":{"rendered":"Seal.it Scellant de puits et de fissures photopolym\u00e9risable"},"content":{"rendered":"<p><strong>2 seringues de 1,2 ml, aiguilles de d\u00e9pose<\/strong><\/p>\n<p>Seal.it est un mat\u00e9riau dentaire photopolym\u00e9risable con\u00e7u pour le scellement de puits et de fissures. Il pr\u00e9sente d&rsquo;excellentes caract\u00e9ristiques en terme de force d&rsquo;adh\u00e9sion et de r\u00e9sistance \u00e0 l&rsquo;abrasion, de m\u00eame qu&rsquo;un faible taux de r\u00e9traction \u00e0 la polym\u00e9risation.\u00a0 \u00a0\u00a0<\/p>\n","protected":false},"excerpt":{"rendered":"<p>2 seringues de 1,2 ml, aiguilles de d\u00e9pose Seal.it est un mat\u00e9riau dentaire photopolym\u00e9risable con\u00e7u pour le scellement de puits et de fissures. Il pr\u00e9sente d&rsquo;excellentes caract\u00e9ristiques en terme de force d&rsquo;adh\u00e9sion et de r\u00e9sistance \u00e0 l&rsquo;abrasion, de m\u00eame qu&rsquo;un faible taux de r\u00e9traction \u00e0 la polym\u00e9risation.\u00a0 \u00a0\u00a0<\/p>\n","protected":false},"featured_media":55228,"comment_status":"open","ping_status":"closed","template":"","meta":[],"product_cat":[1444],"product_tag":[1459,1450,1451,1452,1453,1468,1769,1460],"class_list":{"0":"post-52678","1":"product","2":"type-product","3":"status-publish","4":"has-post-thumbnail","6":"product_cat-non-classe","7":"product_tag-endodontie","8":"product_tag-marque_spident","9":"product_tag-materiaux","10":"product_tag-omnipratique","11":"product_tag-produits-annexes","12":"product_tag-safe-implant","13":"product_tag-scellant","14":"product_tag-specialite_endodontie","16":"first","17":"instock","18":"shipping-taxable","19":"purchasable","20":"product-type-simple"},"_links":{"self":[{"href":"https:\/\/dentafrica.com\/index.php?rest_route=\/wp\/v2\/product\/52678","targetHints":{"allow":["GET"]}}],"collection":[{"href":"https:\/\/dentafrica.com\/index.php?rest_route=\/wp\/v2\/product"}],"about":[{"href":"https:\/\/dentafrica.com\/index.php?rest_route=\/wp\/v2\/types\/product"}],"replies":[{"embeddable":true,"href":"https:\/\/dentafrica.com\/index.php?rest_route=%2Fwp%2Fv2%2Fcomments&post=52678"}],"wp:featuredmedia":[{"embeddable":true,"href":"https:\/\/dentafrica.com\/index.php?rest_route=\/wp\/v2\/media\/55228"}],"wp:attachment":[{"href":"https:\/\/dentafrica.com\/index.php?rest_route=%2Fwp%2Fv2%2Fmedia&parent=52678"}],"wp:term":[{"taxonomy":"product_cat","embeddable":true,"href":"https:\/\/dentafrica.com\/index.php?rest_route=%2Fwp%2Fv2%2Fproduct_cat&post=52678"},{"taxonomy":"product_tag","embeddable":true,"href":"https:\/\/dentafrica.com\/index.php?rest_route=%2Fwp%2Fv2%2Fproduct_tag&post=52678"}],"curies":[{"name":"wp","href":"https:\/\/api.w.org\/{rel}","templated":true}]}}