{"id":52070,"date":"2023-06-26T16:44:29","date_gmt":"2023-06-26T16:44:29","guid":{"rendered":"https:\/\/dentafrica.com\/?product=riva-self-cure-hv-materiau-dobturation-au-verre-ionomere-sdi"},"modified":"2024-05-08T21:10:35","modified_gmt":"2024-05-08T21:10:35","slug":"riva-self-cure-hv-materiau-dobturation-au-verre-ionomere-sdi","status":"publish","type":"product","link":"https:\/\/dentafrica.com\/?product=riva-self-cure-hv-materiau-dobturation-au-verre-ionomere-sdi","title":{"rendered":"Riva self cure HV Mat\u00e9riau d&rsquo;obturation au verre ionom\u00e8re &#8211; SDI"},"content":{"rendered":"<p>Haute viscosit\u00e9, auto-polym\u00e9risable, mat\u00e9riau verre ionom\u00e8re pour remin\u00e9raliser la dent.<\/p>\n<p>Bo\u00eete de 50<\/p>\n<p>Existe en 4\u00a0teintes : A1, A2, A3, A3,5<\/p>\n<ul>\n<li>Pas de r\u00e9traction<\/li>\n<li>Sans bisph\u00e9nol A<\/li>\n<\/ul>\n","protected":false},"excerpt":{"rendered":"<p>Haute viscosit\u00e9, auto-polym\u00e9risable, mat\u00e9riau verre ionom\u00e8re pour remin\u00e9raliser la dent. Bo\u00eete de 50 Existe en 4\u00a0teintes : A1, A2, A3, A3,5 Pas de r\u00e9traction Sans bisph\u00e9nol A<\/p>\n","protected":false},"featured_media":54917,"comment_status":"open","ping_status":"closed","template":"","meta":[],"product_cat":[1444],"product_tag":[1458,1514,1648,1453,1456,1515,1512],"class_list":{"0":"post-52070","1":"product","2":"type-product","3":"status-publish","4":"has-post-thumbnail","6":"product_cat-non-classe","7":"product_tag-ciments","8":"product_tag-ciments-definitifs","9":"product_tag-marque_sdi","10":"product_tag-produits-annexes","11":"product_tag-restauration-ciments","12":"product_tag-scellement_definitif","13":"product_tag-specialite_restauration","15":"first","16":"instock","17":"shipping-taxable","18":"purchasable","19":"product-type-variable"},"_links":{"self":[{"href":"https:\/\/dentafrica.com\/index.php?rest_route=\/wp\/v2\/product\/52070","targetHints":{"allow":["GET"]}}],"collection":[{"href":"https:\/\/dentafrica.com\/index.php?rest_route=\/wp\/v2\/product"}],"about":[{"href":"https:\/\/dentafrica.com\/index.php?rest_route=\/wp\/v2\/types\/product"}],"replies":[{"embeddable":true,"href":"https:\/\/dentafrica.com\/index.php?rest_route=%2Fwp%2Fv2%2Fcomments&post=52070"}],"wp:featuredmedia":[{"embeddable":true,"href":"https:\/\/dentafrica.com\/index.php?rest_route=\/wp\/v2\/media\/54917"}],"wp:attachment":[{"href":"https:\/\/dentafrica.com\/index.php?rest_route=%2Fwp%2Fv2%2Fmedia&parent=52070"}],"wp:term":[{"taxonomy":"product_cat","embeddable":true,"href":"https:\/\/dentafrica.com\/index.php?rest_route=%2Fwp%2Fv2%2Fproduct_cat&post=52070"},{"taxonomy":"product_tag","embeddable":true,"href":"https:\/\/dentafrica.com\/index.php?rest_route=%2Fwp%2Fv2%2Fproduct_tag&post=52070"}],"curies":[{"name":"wp","href":"https:\/\/api.w.org\/{rel}","templated":true}]}}