{"id":51981,"date":"2023-06-26T16:43:51","date_gmt":"2023-06-26T16:43:51","guid":{"rendered":"https:\/\/dentafrica.com\/?product=relyx-fiber-post-tenon-radiculaire-3m"},"modified":"2024-04-25T17:59:42","modified_gmt":"2024-04-25T17:59:42","slug":"relyx-fiber-post-tenon-radiculaire-3m","status":"publish","type":"product","link":"https:\/\/dentafrica.com\/?product=relyx-fiber-post-tenon-radiculaire-3m","title":{"rendered":"Relyx Fiber Post Tenon radiculaire &#8211; 3M"},"content":{"rendered":"<p>3M\u2122 RelyX\u2122 Fiber Post est un tenon radiculaire en fibres de verre renforc\u00e9es \u00e0 la r\u00e9sine composite, radio-opaque et translucide.<br data-mce-fragment=\"1\">Il permet la r\u00e9alisation des restaurations coronaires esth\u00e9tiques et fiables avec un minimum d\u2019\u00e9limination de dentine radiculaire sur des dents avec une structure r\u00e9siduelle &lt; 4 mm.<br data-mce-fragment=\"1\">Facile \u00e0 identifier, il existe en 4 tailles avec code-couleur (blanc-jaune-rouge-bleu). Radio-opaque.<br data-mce-fragment=\"1\">Translucide pour une esth\u00e9tique optimale.<br data-mce-fragment=\"1\">Forme anatomique (cylindro-conique).<br data-mce-fragment=\"1\">R\u00e9tention m\u00e9canique avec le ciment radiculaire gr\u00e2ce \u00e0 sa surface micro-poreuse. \u00c9lasticit\u00e9 proche de celle de la dentine pour \u00e9viter les fractures de la racine.<br data-mce-fragment=\"1\">Fiable, il r\u00e9siste \u00e0 plus de 5 millions de cycles de mastication.<br data-mce-fragment=\"1\">Simple \u00e0 sceller\/coller sans aucun pr\u00e9-traitement avec 3M\u2122 RelyX\u2122 Unicem.<br data-mce-fragment=\"1\">Embout d\u2019\u00e9longation qui se \u201cclipse\u201d \u00e0 l\u2019extr\u00e9mit\u00e9 des capsules 3M\u2122Aplicap\u2122, vous permettant un seringage sans bulle dans le canal radiculaire.<br data-mce-fragment=\"1\"><\/p>\n<p><strong>Le Kit intro contient<\/strong> : 15 tenons (5 de chaque taille, 3 tailles) + 4 forets (1par taille + 1 universel) 20 embouts d&rsquo;\u00e9longation pour Aplicap.<\/p>\n<p><strong>Le Kit intro complet contient<\/strong> : 1 kit intro + RelyX Unicem Kit d&rsquo;essai (20 Aplicaps, activateur, applicateur).<\/p>\n<p>Existe aussi :<\/p>\n<ul>\n<li>r\u00e9assort de 10 tenons : taille 0, 2 et 3<\/li>\n<li>foret : taille 0, 1, 2, 3, universel<\/li>\n<\/ul>\n<p><\/p>\n","protected":false},"excerpt":{"rendered":"<p>3M\u2122 RelyX\u2122 Fiber Post est un tenon radiculaire en fibres de verre renforc\u00e9es \u00e0 la r\u00e9sine composite, radio-opaque et translucide.Il permet la r\u00e9alisation des restaurations coronaires esth\u00e9tiques et fiables avec un minimum d\u2019\u00e9limination de dentine radiculaire sur des dents avec une structure r\u00e9siduelle &lt; 4 mm.Facile \u00e0 identifier, il existe en 4 tailles avec code-couleur [&hellip;]<\/p>\n","protected":false},"featured_media":54891,"comment_status":"open","ping_status":"closed","template":"","meta":[],"product_cat":[1444],"product_tag":[1509,1459,1713,626,1452,1571,1453,1456,1468,1460,1512,1680,753,1681,1682,1683],"class_list":{"0":"post-51981","1":"product","2":"type-product","3":"status-publish","4":"has-post-thumbnail","6":"product_cat-non-classe","7":"product_tag-accessoires-restauration","8":"product_tag-endodontie","9":"product_tag-foret-endodontie","10":"product_tag-marque_3m","11":"product_tag-omnipratique","12":"product_tag-prise-dempreinte","13":"product_tag-produits-annexes","14":"product_tag-restauration-ciments","15":"product_tag-safe-implant","16":"product_tag-specialite_endodontie","17":"product_tag-specialite_restauration","18":"product_tag-tenon","19":"product_tag-tenon_fibre","20":"product_tag-tenons","21":"product_tag-tenons-et-alesoirs","22":"product_tag-type_tenon","24":"first","25":"instock","26":"shipping-taxable","27":"purchasable","28":"product-type-variable"},"_links":{"self":[{"href":"https:\/\/dentafrica.com\/index.php?rest_route=\/wp\/v2\/product\/51981","targetHints":{"allow":["GET"]}}],"collection":[{"href":"https:\/\/dentafrica.com\/index.php?rest_route=\/wp\/v2\/product"}],"about":[{"href":"https:\/\/dentafrica.com\/index.php?rest_route=\/wp\/v2\/types\/product"}],"replies":[{"embeddable":true,"href":"https:\/\/dentafrica.com\/index.php?rest_route=%2Fwp%2Fv2%2Fcomments&post=51981"}],"wp:featuredmedia":[{"embeddable":true,"href":"https:\/\/dentafrica.com\/index.php?rest_route=\/wp\/v2\/media\/54891"}],"wp:attachment":[{"href":"https:\/\/dentafrica.com\/index.php?rest_route=%2Fwp%2Fv2%2Fmedia&parent=51981"}],"wp:term":[{"taxonomy":"product_cat","embeddable":true,"href":"https:\/\/dentafrica.com\/index.php?rest_route=%2Fwp%2Fv2%2Fproduct_cat&post=51981"},{"taxonomy":"product_tag","embeddable":true,"href":"https:\/\/dentafrica.com\/index.php?rest_route=%2Fwp%2Fv2%2Fproduct_tag&post=51981"}],"curies":[{"name":"wp","href":"https:\/\/api.w.org\/{rel}","templated":true}]}}