{"id":51872,"date":"2023-06-26T16:43:07","date_gmt":"2023-06-26T16:43:07","guid":{"rendered":"https:\/\/dentafrica.com\/?product=radii-xpert-lampe-a-photopolymeriser-sdi"},"modified":"2024-04-25T17:59:30","modified_gmt":"2024-04-25T17:59:30","slug":"radii-xpert-lampe-a-photopolymeriser-sdi","status":"publish","type":"product","link":"https:\/\/dentafrica.com\/?product=radii-xpert-lampe-a-photopolymeriser-sdi","title":{"rendered":"Radii xpert lampe \u00e0 photopolym\u00e9riser &#8211; SDI"},"content":{"rendered":"<p><strong>Lampe de photopolym\u00e9risation RADII XPERT de SDI<\/strong><br data-mce-fragment=\"1\">Une des derni\u00e8res nouveaut\u00e9s pour la photopolym\u00e9risation de Comporsites et tous types de mat\u00e9riaux restauration dentaire. Cette lampe incorpore la technologie et les fonctions pour atteindre l&rsquo;excellence pour n&rsquo;importe quelle clinique dentaire.<br data-mce-fragment=\"1\">Qualit\u00e9 des traitements pour le patient et plus de confort, de s\u00e9curit\u00e9 et pour le professionnel.<span data-mce-fragment=\"1\"><\/span><\/p>\n<p><strong>Polym\u00e9risation de pr\u00e9cision avec aide \u00e0 la vis\u00e9e<\/strong><br \/>La technologie d\u2019aide \u00e0 la vis\u00e9e unique de Radii Xpert vous permet de positionner correctement la lumi\u00e8re et d\u2019\u00eatre certain de l\u2019angle avant la polym\u00e9risation. Une source lumineuse doit \u00eatre tenue \u00e0 proximit\u00e9 de la restauration, de fa\u00e7on perpendiculaire \u00e0 celle-ci afin d\u2019\u00e9viter une polym\u00e9risation incompl\u00e8te1. Pour vous assurer que la polym\u00e9risation ne commence qu\u2019une fois la lumi\u00e8re en position et que les restaurations seront compl\u00e8tement polym\u00e9ris\u00e9e, il suffit d\u2019allumer la lumi\u00e8re de positionnement et de rel\u00e2cher le bouton une fois audessus de la dent. Soyez certain de bien viser \u00e0 chaque fois gr\u00e2ce \u00e0 Radii Xpert.<\/p>\n<p><strong>Lumi\u00e8re collimat\u00e9e<\/strong><br \/>La lampe Radii Xpert est plus performante en raison de l\u2019intensit\u00e9 lumineuse qui reste constante sur des distances cliniquement pertinentes. L\u2019intensit\u00e9 constante permet \u00e0 la lumi\u00e8re de p\u00e9n\u00e9trer dans la couche de restauration profonde avec un d\u00e9p\u00f4t limit\u00e9, ce qui vous assure une polym\u00e9risation compl\u00e8te jusqu\u2019au plus profond de la restauration.<\/p>\n<p><strong>Technologie intelligente pour une utilisation plus simple<\/strong><br \/>La technologie intelligente am\u00e9liore l\u2019efficience de votre consultation dentaire. Un \u00e9cran LCD avec minuteur \u00e0 compte \u00e0 rebours \u00e9limine les estimations et permet un cycle de polym\u00e9risation pr\u00e9cis. La lampe Radii Xpert vous permet d\u2019enregistrer votre r\u00e9glage favori et l\u2019anneau d\u2019\u00e9tat multicolore offre une repr\u00e9sentation visuelle lorsque vous devez charger l\u2019appareil ou lorsque la polym\u00e9risation est en cours.<\/p>\n<p><strong>Poign\u00e9e ergonomique \u00e9quilibr\u00e9e<\/strong><br \/>La conception ergonomique de la lampe Radii Xpert vous permet d\u2019acc\u00e9der facilement \u00e0 tous les sites de restauration. La t\u00eate pivotante \u00e0 360 degr\u00e9s permet d\u2019acc\u00e9der facilement aux restaurations dans tous les quadrants. L\u2019appareil Radii Xpert poss\u00e8de un design ultramince \u00e9quilibr\u00e9 et peut \u00eatre tenu comme un stylo ou comme un pistolet, ce qui minimise la fatigue au niveau de la main et du bras.<\/p>\n<p><strong>Caract\u00e9ristiques techniques<\/strong><\/p>\n<ul>\n<li>Longueur d\u2019onde : 440 nm 480 nm<\/li>\n<li>Intensit\u00e9 lumineuse : 1500 mW\/cm2* (+ 5 %, &#8211; 15 %)<\/li>\n<li>Dur\u00e9e maximale du tir : 20 secondes<\/li>\n<li>Temps de charge de la batterie (utilisation g\u00e9n\u00e9rale) : 60-180 minutes.<\/li>\n<li>Temps de charge compl\u00e8te de la batterie : 3-5 heures.<\/li>\n<li>Capacit\u00e9 de la batterie : 1 x 3.7 V 2600 mAh<\/li>\n<li>Pack connexion multi-r\u00e9gion : AC input: 100 &#8211; 240 V ~ 1.0 A, 50 &#8211; 60 Hz DC output: 12 V, 1.5 A &amp; 15 W Max<\/li>\n<li>Temp\u00e9rature de couleur : 10\u00baC &#8211; 40\u00baC \/ 50\u00baF ? 104\u00baF<\/li>\n<li>Poids : 185 grammes.<\/li>\n<li>Longueur totale avec base 290 mm<\/li>\n<\/ul>\n","protected":false},"excerpt":{"rendered":"<p>Lampe de photopolym\u00e9risation RADII XPERT de SDIUne des derni\u00e8res nouveaut\u00e9s pour la photopolym\u00e9risation de Comporsites et tous types de mat\u00e9riaux restauration dentaire. Cette lampe incorpore la technologie et les fonctions pour atteindre l&rsquo;excellence pour n&rsquo;importe quelle clinique dentaire.Qualit\u00e9 des traitements pour le patient et plus de confort, de s\u00e9curit\u00e9 et pour le professionnel. Polym\u00e9risation de [&hellip;]<\/p>\n","protected":false},"featured_media":54866,"comment_status":"open","ping_status":"closed","template":"","meta":[],"product_cat":[1444],"product_tag":[577,1566,578,1483,1569,1648,1452,1453,1468],"class_list":{"0":"post-51872","1":"product","2":"type-product","3":"status-publish","4":"has-post-thumbnail","6":"product_cat-non-classe","7":"product_tag-appareil_lampe-a-photopolymeriser","8":"product_tag-appareils","9":"product_tag-lampe-a-photopolymeriser","10":"product_tag-le-cabinet","11":"product_tag-les-appareils","12":"product_tag-marque_sdi","13":"product_tag-omnipratique","14":"product_tag-produits-annexes","15":"product_tag-safe-implant","17":"first","18":"instock","19":"shipping-taxable","20":"purchasable","21":"product-type-simple"},"_links":{"self":[{"href":"https:\/\/dentafrica.com\/index.php?rest_route=\/wp\/v2\/product\/51872","targetHints":{"allow":["GET"]}}],"collection":[{"href":"https:\/\/dentafrica.com\/index.php?rest_route=\/wp\/v2\/product"}],"about":[{"href":"https:\/\/dentafrica.com\/index.php?rest_route=\/wp\/v2\/types\/product"}],"replies":[{"embeddable":true,"href":"https:\/\/dentafrica.com\/index.php?rest_route=%2Fwp%2Fv2%2Fcomments&post=51872"}],"wp:featuredmedia":[{"embeddable":true,"href":"https:\/\/dentafrica.com\/index.php?rest_route=\/wp\/v2\/media\/54866"}],"wp:attachment":[{"href":"https:\/\/dentafrica.com\/index.php?rest_route=%2Fwp%2Fv2%2Fmedia&parent=51872"}],"wp:term":[{"taxonomy":"product_cat","embeddable":true,"href":"https:\/\/dentafrica.com\/index.php?rest_route=%2Fwp%2Fv2%2Fproduct_cat&post=51872"},{"taxonomy":"product_tag","embeddable":true,"href":"https:\/\/dentafrica.com\/index.php?rest_route=%2Fwp%2Fv2%2Fproduct_tag&post=51872"}],"curies":[{"name":"wp","href":"https:\/\/api.w.org\/{rel}","templated":true}]}}