{"id":51564,"date":"2023-06-26T16:41:08","date_gmt":"2023-06-26T16:41:08","guid":{"rendered":"https:\/\/dentafrica.com\/?product=prophy-mate-neo-aeropolisseur-a-poudre-nsk"},"modified":"2024-04-25T17:59:02","modified_gmt":"2024-04-25T17:59:02","slug":"prophy-mate-neo-aeropolisseur-a-poudre-nsk","status":"publish","type":"product","link":"https:\/\/dentafrica.com\/?product=prophy-mate-neo-aeropolisseur-a-poudre-nsk","title":{"rendered":"Prophy-Mate Neo A\u00e9ropolisseur \u00e0 poudre &#8211; NSK"},"content":{"rendered":"<p>Prophy-Mate Neo de NSK est un a\u00e9ropolisseur \u00e0 poudre.<\/p>\n<h3>Syst\u00e8me de polissage \u00e0 air puls\u00e9<\/h3>\n<p>Prophy-Mate Neo est un syst\u00e8me de polissage \u00e0 air. La pi\u00e8ce \u00e0 main est directement connect\u00e9e aux raccords standards NSK et est contr\u00f4l\u00e9e \u00e0 partir de la p\u00e9dale de l\u2019unit. Il est l\u00e9ger, compact et facile \u00e0 entretenir. Le dispositif unique de double syst\u00e8me d&rsquo;arriv\u00e9e d&rsquo;air assure un flux libre de la poudre de polissage directement sur la surface de la dent. Disponible en buse orientable (360\u00b0), d\u00e9tachable, coud\u00e9es \u00e0 60\u00b0 et 80\u00b0.<\/p>\n<h3>Technologie et Fonctionnalit\u00e9s<br \/>\n<\/h3>\n<p><strong>Double syst\u00e8me d\u2019arriv\u00e9e d\u2019air<\/strong><\/p>\n<p>Le double syst\u00e8me d\u2019arriv\u00e9e d\u2019air garantit un brassage et une projection de poudre de mani\u00e8re constante. Gr\u00e2ce au jet puissant, la dur\u00e9e du nettoyage est nettement raccourcie, ce qui r\u00e9duit le d\u00e9lai de traitement.<\/p>\n<p><strong>Design ergonomique<\/strong><\/p>\n<p>La pi\u00e8ce \u00e0 main, a \u00e9t\u00e9 sp\u00e9cialement con\u00e7ue afin de permettre une prise en main sure. La longueur et la forme en col de cygne de la buse interchangeable ont \u00e9t\u00e9 dessin\u00e9es avec pr\u00e9cision pour pouvoir atteindre toutes les zones \u00e0 traiter.<\/p>\n<p><strong>Connexion simple et rapide<\/strong><\/p>\n<p>Le Prophy-Mate Neo peut se connecter facilement sur tous les raccords existants. La pi\u00e8ce \u00e0 main peut \u00e9galement \u00eatre fix\u00e9e au compartiment \u00e0 poudre d&rsquo;une simple pression sur un bouton.<\/p>\n<p><strong>Buse orientable<\/strong><\/p>\n<p>L\u2019instrument est orientable \u00e0 360\u00b0. La connexion de la pi\u00e8ce \u00e0 main est constitu\u00e9e pour pivoter librement m\u00eame en cas de pression \u00e9lev\u00e9e.<\/p>\n<p><strong>Deux angles<\/strong><\/p>\n<p>Des buses coud\u00e9es \u00e0 60\u00b0 ou 80\u00b0 sont disponibles permettant d\u2019optimiser l\u2019acc\u00e8s aux zones de traitements. La buse \u00e0 60\u00b0 est tout particuli\u00e8rement indiqu\u00e9e pour traiter la r\u00e9gion des molaires, celle \u00e0 80\u00b0 pour les dents ant\u00e9rieures.<\/p>\n<p><strong>Maintenance<\/strong><\/p>\n<p>\u30fbLavables en thermod\u00e9sinfecteur<br \/>\u30fbSt\u00e9rilisation en autoclave jusqu&rsquo;\u00e0 135\u00b0C<\/p>\n<h3>A\u00e9ropolisseur Prophy-Mate Neo<\/h3>\n<p>Disponible en 4 types d&rsquo;adaptateur :<\/p>\n<ul>\n<li>Adaptateur pour raccord NSK<\/li>\n<li><span>Adaptateur pour raccord\u00a0Kavo<\/span><\/li>\n<li><span>Adaptateur pour raccord\u00a0Sirona<\/span><\/li>\n<li><span>Adaptateur pour raccord\u00a0W&amp;H<\/span><\/li>\n<li><span>Adaptateur pour raccord\u00a0Bien-Air<\/span><\/li>\n<\/ul>\n<h3><span>Poudre Flash Pearl<\/span><\/h3>\n<p><span>Poudre nettoyante \u00e0 particules sph\u00e9riques, composition \u00e0 base de calcium, minimise les bouchons dus aux poudres classiques.<\/span><\/p>\n<ul>\n<li><span>Bo\u00eete de 100 sachets de 15 g<\/span><\/li>\n<li><span>Bo\u00eete de 4 bouteilles de 300 g<\/span><\/li>\n<\/ul>\n","protected":false},"excerpt":{"rendered":"<p>Prophy-Mate Neo de NSK est un a\u00e9ropolisseur \u00e0 poudre. Syst\u00e8me de polissage \u00e0 air puls\u00e9 Prophy-Mate Neo est un syst\u00e8me de polissage \u00e0 air. La pi\u00e8ce \u00e0 main est directement connect\u00e9e aux raccords standards NSK et est contr\u00f4l\u00e9e \u00e0 partir de la p\u00e9dale de l\u2019unit. Il est l\u00e9ger, compact et facile \u00e0 entretenir. Le dispositif [&hellip;]<\/p>\n","protected":false},"featured_media":54792,"comment_status":"open","ping_status":"closed","template":"","meta":[],"product_cat":[1444],"product_tag":[1566,1753,1483,1569,691,1452,1453,1468,1567,1778],"class_list":{"0":"post-51564","1":"product","2":"type-product","3":"status-publish","4":"has-post-thumbnail","6":"product_cat-non-classe","7":"product_tag-appareils","8":"product_tag-compatible_kavo","9":"product_tag-le-cabinet","10":"product_tag-les-appareils","11":"product_tag-marque_nsk","12":"product_tag-omnipratique","13":"product_tag-produits-annexes","14":"product_tag-safe-implant","15":"product_tag-specialite_omnipratique","16":"product_tag-turbine-et-raccord-rapide","18":"first","19":"instock","20":"shipping-taxable","21":"purchasable","22":"product-type-variable"},"_links":{"self":[{"href":"https:\/\/dentafrica.com\/index.php?rest_route=\/wp\/v2\/product\/51564","targetHints":{"allow":["GET"]}}],"collection":[{"href":"https:\/\/dentafrica.com\/index.php?rest_route=\/wp\/v2\/product"}],"about":[{"href":"https:\/\/dentafrica.com\/index.php?rest_route=\/wp\/v2\/types\/product"}],"replies":[{"embeddable":true,"href":"https:\/\/dentafrica.com\/index.php?rest_route=%2Fwp%2Fv2%2Fcomments&post=51564"}],"wp:featuredmedia":[{"embeddable":true,"href":"https:\/\/dentafrica.com\/index.php?rest_route=\/wp\/v2\/media\/54792"}],"wp:attachment":[{"href":"https:\/\/dentafrica.com\/index.php?rest_route=%2Fwp%2Fv2%2Fmedia&parent=51564"}],"wp:term":[{"taxonomy":"product_cat","embeddable":true,"href":"https:\/\/dentafrica.com\/index.php?rest_route=%2Fwp%2Fv2%2Fproduct_cat&post=51564"},{"taxonomy":"product_tag","embeddable":true,"href":"https:\/\/dentafrica.com\/index.php?rest_route=%2Fwp%2Fv2%2Fproduct_tag&post=51564"}],"curies":[{"name":"wp","href":"https:\/\/api.w.org\/{rel}","templated":true}]}}