{"id":50732,"date":"2023-06-26T16:34:48","date_gmt":"2023-06-26T16:34:48","guid":{"rendered":"https:\/\/dentafrica.com\/?product=pochettes-de-sterilisation-medibase"},"modified":"2024-04-25T17:57:30","modified_gmt":"2024-04-25T17:57:30","slug":"pochettes-de-sterilisation-medibase","status":"publish","type":"product","link":"https:\/\/dentafrica.com\/?product=pochettes-de-sterilisation-medibase","title":{"rendered":"Pochettes de st\u00e9rilisation &#8211; MEDIBASE"},"content":{"rendered":"<ul>\n<li><span data-mce-fragment=\"1\">ouverture facile<\/span><\/li>\n<li><span data-mce-fragment=\"1\"> ne se d\u00e9chire pas <\/span><\/li>\n<\/ul>\n<p><span data-mce-fragment=\"1\"><strong>Propri\u00e9t\u00e9s :<\/strong> <\/span><\/p>\n<ul>\n<li><span data-mce-fragment=\"1\">Une face papier, une face plastique <\/span><\/li>\n<li><span data-mce-fragment=\"1\">Avec t\u00e9moin de st\u00e9rilisation <\/span><\/li>\n<li><span data-mce-fragment=\"1\">Elles sont recommand\u00e9es uniquement en autoclave ou chemiclave. <\/span><\/li>\n<\/ul>\n<p><span data-mce-fragment=\"1\">Dispositif m\u00e9dical de classe I. Fabricant : CFPM <\/span><\/p>\n<p><span data-mce-fragment=\"1\"><span style=\"text-decoration: underline;\"><strong>Sachet autocollant &#8211; lot de 200 pochettes :<\/strong><\/span> <br \/>5.7 x 13 cm <br \/>8.5 x 16.5 cm <br \/>7 x 25.5 cm <br \/>9 x 13 cm <br \/>9 x 25.5 cm <br \/>14 x 28 cm <br \/>18 x 33 cm <br \/>25.5 x 38 cm <br \/>30 x 45 cm <\/span><\/p>\n<p><span data-mce-fragment=\"1\"><span style=\"text-decoration: underline;\"><strong>Sachet \u00e0 souder &#8211; lot de 200 pochette<\/strong><strong>s\u00a0:\u00a0<br \/><\/strong><\/span>7 x 25.5 cm <br \/>9 x 25.5 cm<\/span><\/p>\n<p><span data-mce-fragment=\"1\"> <br \/><span style=\"text-decoration: underline;\"><strong>Sachet \u00e0 soufflet &#8211; lot de 200 pochettes<\/strong><\/span>\u00a0: <br \/>20 x 33 x 5.5 cm<\/span><\/p>\n","protected":false},"excerpt":{"rendered":"<p>ouverture facile ne se d\u00e9chire pas Propri\u00e9t\u00e9s : Une face papier, une face plastique Avec t\u00e9moin de st\u00e9rilisation Elles sont recommand\u00e9es uniquement en autoclave ou chemiclave. Dispositif m\u00e9dical de classe I. Fabricant : CFPM Sachet autocollant &#8211; lot de 200 pochettes : 5.7 x 13 cm 8.5 x 16.5 cm 7 x 25.5 cm 9 [&hellip;]<\/p>\n","protected":false},"featured_media":54257,"comment_status":"open","ping_status":"closed","template":"","meta":[],"product_cat":[1444],"product_tag":[1472,1473,1474,1568,1452,588,1453,1468,1632,589],"class_list":{"0":"post-50732","1":"product","2":"type-product","3":"status-publish","4":"has-post-thumbnail","6":"product_cat-non-classe","7":"product_tag-cabinet","8":"product_tag-consommables","9":"product_tag-hygiene-et-entretien","10":"product_tag-marque_medibase","11":"product_tag-omnipratique","12":"product_tag-poche-de-sterilisation","13":"product_tag-produits-annexes","14":"product_tag-safe-implant","15":"product_tag-sterilisation","16":"product_tag-sterilisation_poches-et-sachets","18":"first","19":"instock","20":"shipping-taxable","21":"purchasable","22":"product-type-variable"},"_links":{"self":[{"href":"https:\/\/dentafrica.com\/index.php?rest_route=\/wp\/v2\/product\/50732","targetHints":{"allow":["GET"]}}],"collection":[{"href":"https:\/\/dentafrica.com\/index.php?rest_route=\/wp\/v2\/product"}],"about":[{"href":"https:\/\/dentafrica.com\/index.php?rest_route=\/wp\/v2\/types\/product"}],"replies":[{"embeddable":true,"href":"https:\/\/dentafrica.com\/index.php?rest_route=%2Fwp%2Fv2%2Fcomments&post=50732"}],"wp:featuredmedia":[{"embeddable":true,"href":"https:\/\/dentafrica.com\/index.php?rest_route=\/wp\/v2\/media\/54257"}],"wp:attachment":[{"href":"https:\/\/dentafrica.com\/index.php?rest_route=%2Fwp%2Fv2%2Fmedia&parent=50732"}],"wp:term":[{"taxonomy":"product_cat","embeddable":true,"href":"https:\/\/dentafrica.com\/index.php?rest_route=%2Fwp%2Fv2%2Fproduct_cat&post=50732"},{"taxonomy":"product_tag","embeddable":true,"href":"https:\/\/dentafrica.com\/index.php?rest_route=%2Fwp%2Fv2%2Fproduct_tag&post=50732"}],"curies":[{"name":"wp","href":"https:\/\/api.w.org\/{rel}","templated":true}]}}