{"id":49911,"date":"2023-06-26T16:28:06","date_gmt":"2023-06-26T16:28:06","guid":{"rendered":"https:\/\/dentafrica.com\/?product=piece-a-main-newtron-led-satelec-acteon"},"modified":"2024-04-25T17:56:03","modified_gmt":"2024-04-25T17:56:03","slug":"piece-a-main-newtron-led-satelec-acteon","status":"publish","type":"product","link":"https:\/\/dentafrica.com\/?product=piece-a-main-newtron-led-satelec-acteon","title":{"rendered":"Pi\u00e8ce \u00e0 main Newtron Led Satelec Acteon"},"content":{"rendered":"<p data-mce-fragment=\"1\">Deux anneaux LED blanc et bleu avec 6 LED puissantes pour une parfaite visibilit\u00e9 et une grande maniabilit\u00e9 gr\u00e2ce \u00e0 son cordon flexible.<\/p>\n<p data-mce-fragment=\"1\">L&rsquo;appareil est<span data-mce-fragment=\"1\">\u00a0<\/span><span class=\"text-bold\" data-mce-fragment=\"1\">compatible avec de nombreux irrigants<\/span><span data-mce-fragment=\"1\">\u00a0<\/span>tels que l&rsquo;hypochlorite , la chlorhexidine et l&rsquo;eau. Le traducteur Newtron<span data-mce-fragment=\"1\">\u00a0<\/span><span class=\"text-bold\" data-mce-fragment=\"1\">ne chauffe pas<\/span><span data-mce-fragment=\"1\">\u00a0<\/span>et<span data-mce-fragment=\"1\">\u00a0<\/span><span class=\"text-bold\" data-mce-fragment=\"1\">procure des modulations constantes sans vibration,<\/span><span data-mce-fragment=\"1\">\u00a0<\/span>qui sont<span data-mce-fragment=\"1\">\u00a0<\/span><span class=\"text-bold\" data-mce-fragment=\"1\">indolores pour les patients<\/span>.<\/p>\n<p data-mce-fragment=\"1\"><\/p>\n","protected":false},"excerpt":{"rendered":"<p>Deux anneaux LED blanc et bleu avec 6 LED puissantes pour une parfaite visibilit\u00e9 et une grande maniabilit\u00e9 gr\u00e2ce \u00e0 son cordon flexible. L&rsquo;appareil est\u00a0compatible avec de nombreux irrigants\u00a0tels que l&rsquo;hypochlorite , la chlorhexidine et l&rsquo;eau. Le traducteur Newtron\u00a0ne chauffe pas\u00a0et\u00a0procure des modulations constantes sans vibration,\u00a0qui sont\u00a0indolores pour les patients.<\/p>\n","protected":false},"featured_media":52702,"comment_status":"open","ping_status":"closed","template":"","meta":[],"product_cat":[1444],"product_tag":[1760,1761,1566,1757,1581,1483,1569,515,1452,1453,1484,1468,1567,1778,1485],"class_list":{"0":"post-49911","1":"product","2":"type-product","3":"status-publish","4":"has-post-thumbnail","6":"product_cat-non-classe","7":"product_tag-appareil_piece-a-main","8":"product_tag-appareil_rotatif","9":"product_tag-appareils","10":"product_tag-compatible_satelec","11":"product_tag-implantologie","12":"product_tag-le-cabinet","13":"product_tag-les-appareils","14":"product_tag-marque_acteon","15":"product_tag-omnipratique","16":"product_tag-produits-annexes","17":"product_tag-prophylaxie","18":"product_tag-safe-implant","19":"product_tag-specialite_omnipratique","20":"product_tag-turbine-et-raccord-rapide","21":"product_tag-type_patient","23":"first","24":"instock","25":"shipping-taxable","26":"purchasable","27":"product-type-simple"},"_links":{"self":[{"href":"https:\/\/dentafrica.com\/index.php?rest_route=\/wp\/v2\/product\/49911","targetHints":{"allow":["GET"]}}],"collection":[{"href":"https:\/\/dentafrica.com\/index.php?rest_route=\/wp\/v2\/product"}],"about":[{"href":"https:\/\/dentafrica.com\/index.php?rest_route=\/wp\/v2\/types\/product"}],"replies":[{"embeddable":true,"href":"https:\/\/dentafrica.com\/index.php?rest_route=%2Fwp%2Fv2%2Fcomments&post=49911"}],"wp:featuredmedia":[{"embeddable":true,"href":"https:\/\/dentafrica.com\/index.php?rest_route=\/wp\/v2\/media\/52702"}],"wp:attachment":[{"href":"https:\/\/dentafrica.com\/index.php?rest_route=%2Fwp%2Fv2%2Fmedia&parent=49911"}],"wp:term":[{"taxonomy":"product_cat","embeddable":true,"href":"https:\/\/dentafrica.com\/index.php?rest_route=%2Fwp%2Fv2%2Fproduct_cat&post=49911"},{"taxonomy":"product_tag","embeddable":true,"href":"https:\/\/dentafrica.com\/index.php?rest_route=%2Fwp%2Fv2%2Fproduct_tag&post=49911"}],"curies":[{"name":"wp","href":"https:\/\/api.w.org\/{rel}","templated":true}]}}