{"id":49468,"date":"2023-06-26T16:25:40","date_gmt":"2023-06-26T16:25:40","guid":{"rendered":"https:\/\/dentafrica.com\/?product=pack-de-6-limes-pathfile-21-mm-dentsply-sirona"},"modified":"2024-04-25T17:55:12","modified_gmt":"2024-04-25T17:55:12","slug":"pack-de-6-limes-pathfile-21-mm-dentsply-sirona","status":"publish","type":"product","link":"https:\/\/dentafrica.com\/?product=pack-de-6-limes-pathfile-21-mm-dentsply-sirona","title":{"rendered":"Pack de 6 limes PathFile 21 mm &#8211; Dentsply Sirona"},"content":{"rendered":"<p>Limes de cath\u00e9t\u00e9risme rotatives en nickel-titane.<br data-mce-fragment=\"1\"><br data-mce-fragment=\"1\"><strong>Indication :<\/strong><br data-mce-fragment=\"1\">Cath\u00e9t\u00e9risme m\u00e9canis\u00e9 du syst\u00e8me canalaire.<br data-mce-fragment=\"1\"><br data-mce-fragment=\"1\"><strong>Avantages :<\/strong><br data-mce-fragment=\"1\">&#8211; 3 instruments adapt\u00e9s \u00e0 l&rsquo;ensemble des cas cliniques.<br data-mce-fragment=\"1\">&#8211; Meilleur maintien de l&rsquo;anatomie originelle du canal face aux solutions manuelles : pas de cr\u00e9ation de but\u00e9es, pas de transport du foramen apical.<br data-mce-fragment=\"1\">&#8211; Flexibilit\u00e9 extr\u00eame : id\u00e9al pour les canaux courbes.<br data-mce-fragment=\"1\">&#8211; R\u00e9sistantes \u00e0 la fatigue cyclique : id\u00e9al pour les canaux calcifi\u00e9s.<br data-mce-fragment=\"1\">&#8211; Excellente r\u00e9sistance \u00e0 la fracture.<br data-mce-fragment=\"1\">&#8211; Conicit\u00e9 2%.<\/p>\n","protected":false},"excerpt":{"rendered":"<p>Limes de cath\u00e9t\u00e9risme rotatives en nickel-titane.Indication :Cath\u00e9t\u00e9risme m\u00e9canis\u00e9 du syst\u00e8me canalaire.Avantages :&#8211; 3 instruments adapt\u00e9s \u00e0 l&rsquo;ensemble des cas cliniques.&#8211; Meilleur maintien de l&rsquo;anatomie originelle du canal face aux solutions manuelles : pas de cr\u00e9ation de but\u00e9es, pas de transport du foramen apical.&#8211; Flexibilit\u00e9 extr\u00eame : id\u00e9al pour les canaux courbes.&#8211; R\u00e9sistantes \u00e0 la fatigue [&hellip;]<\/p>\n","protected":false},"featured_media":52256,"comment_status":"open","ping_status":"closed","template":"","meta":[],"product_cat":[1444],"product_tag":[1459,1490,593,502,780,1453,1460],"class_list":{"0":"post-49468","1":"product","2":"type-product","3":"status-publish","4":"has-post-thumbnail","6":"product_cat-non-classe","7":"product_tag-endodontie","8":"product_tag-lime","9":"product_tag-longueur-de-lime_21mm","10":"product_tag-marque_dentsply-sirona","11":"product_tag-outil-dendodontie_lime-type-pathfile","12":"product_tag-produits-annexes","13":"product_tag-specialite_endodontie","15":"first","16":"instock","17":"shipping-taxable","18":"purchasable","19":"product-type-variable"},"_links":{"self":[{"href":"https:\/\/dentafrica.com\/index.php?rest_route=\/wp\/v2\/product\/49468","targetHints":{"allow":["GET"]}}],"collection":[{"href":"https:\/\/dentafrica.com\/index.php?rest_route=\/wp\/v2\/product"}],"about":[{"href":"https:\/\/dentafrica.com\/index.php?rest_route=\/wp\/v2\/types\/product"}],"replies":[{"embeddable":true,"href":"https:\/\/dentafrica.com\/index.php?rest_route=%2Fwp%2Fv2%2Fcomments&post=49468"}],"wp:featuredmedia":[{"embeddable":true,"href":"https:\/\/dentafrica.com\/index.php?rest_route=\/wp\/v2\/media\/52256"}],"wp:attachment":[{"href":"https:\/\/dentafrica.com\/index.php?rest_route=%2Fwp%2Fv2%2Fmedia&parent=49468"}],"wp:term":[{"taxonomy":"product_cat","embeddable":true,"href":"https:\/\/dentafrica.com\/index.php?rest_route=%2Fwp%2Fv2%2Fproduct_cat&post=49468"},{"taxonomy":"product_tag","embeddable":true,"href":"https:\/\/dentafrica.com\/index.php?rest_route=%2Fwp%2Fv2%2Fproduct_tag&post=49468"}],"curies":[{"name":"wp","href":"https:\/\/api.w.org\/{rel}","templated":true}]}}