{"id":47820,"date":"2023-06-26T16:15:03","date_gmt":"2023-06-26T16:15:03","guid":{"rendered":"https:\/\/dentafrica.com\/?product=lampe-led-lux-e"},"modified":"2024-04-25T17:52:26","modified_gmt":"2024-04-25T17:52:26","slug":"lampe-led-lux-e","status":"publish","type":"product","link":"https:\/\/dentafrica.com\/?product=lampe-led-lux-e","title":{"rendered":"Lampe LED lux-E"},"content":{"rendered":"<p><span style=\"font-size: 10pt; font-family: Arial;\"><span style=\"vertical-align: inherit;\"><span style=\"vertical-align: inherit;\">Lampe Lux E \u00e0 <span data-mce-fragment=\"1\">photopolym\u00e9riser\u00a0<\/span>:\u00a0<\/span><\/span><\/span><\/p>\n<p><span style=\"font-size: 10pt; font-family: Arial;\"><strong><span style=\"vertical-align: inherit;\"><span style=\"vertical-align: inherit;\">Intensit\u00e9 lumineuse: 800 mW \/ cm2 ~ 1600 mW \/ cm2\u00a0<\/span><\/span><\/strong><\/p>\n<p><span style=\"vertical-align: inherit;\"><span style=\"vertical-align: inherit;\"> Sans fil <\/span><\/span><br \/><span style=\"vertical-align: inherit;\"><span style=\"vertical-align: inherit;\">Timer: 5s, 10s, 15s, 20s.<\/span><\/span><\/span><\/p>\n<p><span style=\"font-size: 10pt; font-family: Arial;\"><strong><span style=\"vertical-align: inherit;\"><span style=\"vertical-align: inherit;\">Jauge d&rsquo;intensit\u00e9 lumineuse sur le socle<\/span><\/span><\/strong><span style=\"vertical-align: inherit;\"><span style=\"vertical-align: inherit;\"> , id\u00e9al pour v\u00e9rifier et contr\u00f4ler votre intensit\u00e9\u00a0<\/span><\/span><br \/><\/span><\/p>\n<p><span style=\"font-size: 10pt; font-family: Arial;\"><span style=\"vertical-align: inherit;\"><span style=\"vertical-align: inherit;\">Batterie longue dur\u00e9e.<\/span><\/span><\/span><\/p>\n<p><span style=\"font-size: 10pt; font-family: Arial;\"><span style=\"vertical-align: inherit;\"><span style=\"vertical-align: inherit;\">Une fois charg\u00e9e, vous pouvez utiliser votre lampe jusqu&rsquo;\u00e0 500 fois en continu pour des temps de travail en dessous de 10s <\/span><\/span><br \/><span style=\"vertical-align: inherit;\"><span style=\"vertical-align: inherit;\">jusqu&rsquo;\u00e0 70 jours d&rsquo;autonomie en veille <\/span><\/span><br \/><span style=\"vertical-align: inherit;\"><span style=\"vertical-align: inherit;\">Intensit\u00e9 lumineuse constante +\u00a0 <\/span><\/span><span data-mce-fragment=\"1\"><span style=\"vertical-align: inherit;\"><span style=\"vertical-align: inherit;\">Intensit\u00e9 lumineuse mode \u00ab\u00a0Ramping\u00a0\u00bb<\/span><\/span><\/span><br \/><span style=\"vertical-align: inherit;\"><span style=\"vertical-align: inherit;\">Le niveau de charge de la batterie n&rsquo;affecte pas la photopolym\u00e9risation <\/span><\/span><br \/><span style=\"vertical-align: inherit;\"><span style=\"vertical-align: inherit;\">3 modes: pleine puissance, intensification (la lumi\u00e8re bleue s&rsquo;intensifie de mani\u00e8re continue et atteint la pleine puissance apr\u00e8s 5 secondes), et pulsation pour utiliser la lumi\u00e8re bleue en pulsations rapides. <\/span><\/span><br \/><span style=\"vertical-align: inherit;\"><span style=\"vertical-align: inherit;\">La lumi\u00e8re peut \u00eatre interrompue en l&rsquo;air sur la touche power <\/span><\/span><br \/><span style=\"vertical-align: inherit;\"><span style=\"vertical-align: inherit;\">Apr\u00e8s deux minutes sans utilisation, la lampe se met automatiquement en veille <\/span><\/span><br \/><span style=\"vertical-align: inherit;\"><span style=\"vertical-align: inherit;\">Polym\u00e9rise de la r\u00e9sine de 4mm d&rsquo;\u00e9paisseur en 10 secondes<\/span><\/span><\/span><\/p>\n<p><a href=\"https:\/\/cdn.shopify.com\/s\/files\/1\/0335\/9873\/4474\/files\/lux_e-fr.pdf?v=1603268339\" data-mce-href=\"https:\/\/cdn.shopify.com\/s\/files\/1\/0335\/9873\/4474\/files\/lux_e-fr.pdf?v=1603268339\"><span style=\"font-family: Arial;\" mce-data-marked=\"1\"><span style=\"vertical-align: inherit;\"><span style=\"vertical-align: inherit;\">Remarquer<\/span><\/span><\/span><\/a><\/p>\n","protected":false},"excerpt":{"rendered":"<p>Lampe Lux E \u00e0 photopolym\u00e9riser\u00a0:\u00a0 Intensit\u00e9 lumineuse: 800 mW \/ cm2 ~ 1600 mW \/ cm2\u00a0 Sans fil Timer: 5s, 10s, 15s, 20s. Jauge d&rsquo;intensit\u00e9 lumineuse sur le socle , id\u00e9al pour v\u00e9rifier et contr\u00f4ler votre intensit\u00e9\u00a0 Batterie longue dur\u00e9e. Une fois charg\u00e9e, vous pouvez utiliser votre lampe jusqu&rsquo;\u00e0 500 fois en continu pour des [&hellip;]<\/p>\n","protected":false},"featured_media":50395,"comment_status":"open","ping_status":"closed","template":"","meta":[],"product_cat":[1444],"product_tag":[577,1566,578,1483,1816,1452,1453,1468],"class_list":{"0":"post-47820","1":"product","2":"type-product","3":"status-publish","4":"has-post-thumbnail","6":"product_cat-non-classe","7":"product_tag-appareil_lampe-a-photopolymeriser","8":"product_tag-appareils","9":"product_tag-lampe-a-photopolymeriser","10":"product_tag-le-cabinet","11":"product_tag-marque_woodpecker","12":"product_tag-omnipratique","13":"product_tag-produits-annexes","14":"product_tag-safe-implant","16":"first","17":"instock","18":"shipping-taxable","19":"purchasable","20":"product-type-simple"},"_links":{"self":[{"href":"https:\/\/dentafrica.com\/index.php?rest_route=\/wp\/v2\/product\/47820","targetHints":{"allow":["GET"]}}],"collection":[{"href":"https:\/\/dentafrica.com\/index.php?rest_route=\/wp\/v2\/product"}],"about":[{"href":"https:\/\/dentafrica.com\/index.php?rest_route=\/wp\/v2\/types\/product"}],"replies":[{"embeddable":true,"href":"https:\/\/dentafrica.com\/index.php?rest_route=%2Fwp%2Fv2%2Fcomments&post=47820"}],"wp:featuredmedia":[{"embeddable":true,"href":"https:\/\/dentafrica.com\/index.php?rest_route=\/wp\/v2\/media\/50395"}],"wp:attachment":[{"href":"https:\/\/dentafrica.com\/index.php?rest_route=%2Fwp%2Fv2%2Fmedia&parent=47820"}],"wp:term":[{"taxonomy":"product_cat","embeddable":true,"href":"https:\/\/dentafrica.com\/index.php?rest_route=%2Fwp%2Fv2%2Fproduct_cat&post=47820"},{"taxonomy":"product_tag","embeddable":true,"href":"https:\/\/dentafrica.com\/index.php?rest_route=%2Fwp%2Fv2%2Fproduct_tag&post=47820"}],"curies":[{"name":"wp","href":"https:\/\/api.w.org\/{rel}","templated":true}]}}