{"id":47664,"date":"2023-06-26T16:13:37","date_gmt":"2023-06-26T16:13:37","guid":{"rendered":"https:\/\/dentafrica.com\/?product=kit-de-chirurgie-start-hygitech"},"modified":"2024-04-25T17:52:15","modified_gmt":"2024-04-25T17:52:15","slug":"kit-de-chirurgie-start-hygitech","status":"publish","type":"product","link":"https:\/\/dentafrica.com\/?product=kit-de-chirurgie-start-hygitech","title":{"rendered":"Kit de chirurgie Start &#8211; Hygitech"},"content":{"rendered":"<p><span data-mce-fragment=\"1\">Kit de chirurgie Start de Hygitech<\/span><\/p>\n<p><strong> Kit st\u00e9rile d\u2019implantologie contenant 32 composants : <\/strong><\/p>\n<p><strong>1<\/strong><span data-mce-fragment=\"1\">. 4 gants poly\u00e9thyl\u00e8ne <\/span><\/p>\n<p><strong>2<\/strong><span data-mce-fragment=\"1\">. 2 masques \u00e0 lani\u00e8res <\/span><\/p>\n<p><strong>3<\/strong><span data-mce-fragment=\"1\">. 2 calots <\/span><\/p>\n<p><strong>4<\/strong><span data-mce-fragment=\"1\">. 1 charlotte <\/span><\/p>\n<p><strong>5<\/strong><span data-mce-fragment=\"1\">. 1 paire de surchaussures <\/span><\/p>\n<p><strong>6<\/strong><span data-mce-fragment=\"1\">. 1 blouse patient <\/span><\/p>\n<p><strong>7<\/strong><span data-mce-fragment=\"1\">. 1 pompe \u00e0 salive <\/span><\/p>\n<p><strong>8<\/strong><span data-mce-fragment=\"1\">. 1 \u00e9lastique sans latex <\/span><\/p>\n<p><strong>9<\/strong><span data-mce-fragment=\"1\">. 2 gaines plastiques 8 x 120 cm <\/span><\/p>\n<p><strong>10<\/strong><span data-mce-fragment=\"1\">. 1 sachet pour glace <\/span><\/p>\n<p><strong>11<\/strong><span data-mce-fragment=\"1\">. 1 champ chirurgical 150 x 150 cm avec adh\u00e9sif <\/span><\/p>\n<p><strong>12<\/strong><span data-mce-fragment=\"1\">. 1 champ 100 x 100 cm avec adh\u00e9sif <\/span><\/p>\n<p><strong>13<\/strong><span data-mce-fragment=\"1\">. 1 champ trou\u00e9 70 x 80 cm <\/span><\/p>\n<p><strong>14<\/strong><span data-mce-fragment=\"1\">. 2 prot\u00e8ge-poignets de scialytique <\/span><\/p>\n<p><strong>15<\/strong><span data-mce-fragment=\"1\">. 1 brosse chirurgicale avec cure-ongles <\/span><\/p>\n<p><strong>16<\/strong><span data-mce-fragment=\"1\">. 4 essuie-mains <\/span><\/p>\n<p><strong>17<\/strong><span data-mce-fragment=\"1\">. 2 casaques chirurgicales <\/span><\/p>\n<p><strong>18<\/strong><span data-mce-fragment=\"1\">. 1 support pour tubulaires avec adh\u00e9sif <\/span><\/p>\n<p><strong>19<\/strong><span data-mce-fragment=\"1\">. 1 papier d\u2019emballage imperm\u00e9able. <\/span><\/p>\n<p><span data-mce-fragment=\"1\">Dispositif m\u00e9dical de classe IIa. Marquage CE0120. Fabricant : Hygitech. <\/span><\/p>\n<p><span data-mce-fragment=\"1\">Le carton de 5 kits<\/span><\/p>\n","protected":false},"excerpt":{"rendered":"<p>Kit de chirurgie Start de Hygitech Kit st\u00e9rile d\u2019implantologie contenant 32 composants : 1. 4 gants poly\u00e9thyl\u00e8ne 2. 2 masques \u00e0 lani\u00e8res 3. 2 calots 4. 1 charlotte 5. 1 paire de surchaussures 6. 1 blouse patient 7. 1 pompe \u00e0 salive 8. 1 \u00e9lastique sans latex 9. 2 gaines plastiques 8 x 120 cm [&hellip;]<\/p>\n","protected":false},"featured_media":50120,"comment_status":"open","ping_status":"closed","template":"","meta":[],"product_cat":[1444],"product_tag":[1486,1474,1856,1466,1453,1488,1696,1764,1469],"class_list":{"0":"post-47664","1":"product","2":"type-product","3":"status-publish","4":"has-post-thumbnail","6":"product_cat-non-classe","7":"product_tag-autres-protections","8":"product_tag-hygiene-et-entretien","9":"product_tag-marque_hygitech","10":"product_tag-pharmacie-usage-unique","11":"product_tag-produits-annexes","12":"product_tag-protection","13":"product_tag-specialite_chirurgie","14":"product_tag-type_kit-chirurgie","15":"product_tag-usage-unique","17":"first","18":"instock","19":"shipping-taxable","20":"purchasable","21":"product-type-simple"},"_links":{"self":[{"href":"https:\/\/dentafrica.com\/index.php?rest_route=\/wp\/v2\/product\/47664","targetHints":{"allow":["GET"]}}],"collection":[{"href":"https:\/\/dentafrica.com\/index.php?rest_route=\/wp\/v2\/product"}],"about":[{"href":"https:\/\/dentafrica.com\/index.php?rest_route=\/wp\/v2\/types\/product"}],"replies":[{"embeddable":true,"href":"https:\/\/dentafrica.com\/index.php?rest_route=%2Fwp%2Fv2%2Fcomments&post=47664"}],"wp:featuredmedia":[{"embeddable":true,"href":"https:\/\/dentafrica.com\/index.php?rest_route=\/wp\/v2\/media\/50120"}],"wp:attachment":[{"href":"https:\/\/dentafrica.com\/index.php?rest_route=%2Fwp%2Fv2%2Fmedia&parent=47664"}],"wp:term":[{"taxonomy":"product_cat","embeddable":true,"href":"https:\/\/dentafrica.com\/index.php?rest_route=%2Fwp%2Fv2%2Fproduct_cat&post=47664"},{"taxonomy":"product_tag","embeddable":true,"href":"https:\/\/dentafrica.com\/index.php?rest_route=%2Fwp%2Fv2%2Fproduct_tag&post=47664"}],"curies":[{"name":"wp","href":"https:\/\/api.w.org\/{rel}","templated":true}]}}