{"id":47364,"date":"2023-06-26T16:11:30","date_gmt":"2023-06-26T16:11:30","guid":{"rendered":"https:\/\/dentafrica.com\/?product=interfaces-scannables-en-titane"},"modified":"2024-04-25T17:51:48","modified_gmt":"2024-04-25T17:51:48","slug":"interfaces-scannables-en-titane","status":"publish","type":"product","link":"https:\/\/dentafrica.com\/?product=interfaces-scannables-en-titane","title":{"rendered":"Interfaces scannables en titane"},"content":{"rendered":"<p>Interfaces scannables en titane.<br \/>Elles sont compatibles avec les scanners ouverts.\u00a0<strong><\/p>\n<p>Existent en 4 d\u00e9clinaisons :<br \/><\/strong><\/p>\n<ul>\n<li>Plateforme anti-rotationnelle pour les implants de diam\u00e8tre 3,30 \u00e0 4,20 mm<\/li>\n<li>Plateforme rotationnelle pour les implants de diam\u00e8tre 3,30 \u00e0 4,20 mm<\/li>\n<li>Plateforme anti-rotationnelle pour les implants de diam\u00e8tre 4,70 \u00e0 6,00 mm<\/li>\n<li>Plateforme rotationnelle pour les implants de diam\u00e8tre\u00a04,70 \u00e0\u00a06,00 mm<\/li>\n<\/ul>\n<div style=\";margin: auto; font-size: 13px; font-family: 'X-LocaleSpecific', sans-serif, Tahoma, Helvetica; line-height: 13px; vertical-align: top;\" id=\"s3gt_translate_tooltip_mini\" class=\"s3gt_translate_tooltip_mini_box\">\n<div id=\"s3gt_translate_tooltip_mini_logo\" class=\"s3gt_translate_tooltip_mini\" title=\"Traduire le texte s\u00e9lectionn\u00e9\"><\/div>\n<div id=\"s3gt_translate_tooltip_mini_sound\" class=\"s3gt_translate_tooltip_mini\" title=\"Lecture\"><\/div>\n<div id=\"s3gt_translate_tooltip_mini_copy\" class=\"s3gt_translate_tooltip_mini\" title=\"Copier le texte dans le presse-papiers\"><\/div>\n<\/div>\n","protected":false},"excerpt":{"rendered":"<p>Interfaces scannables en titane.Elles sont compatibles avec les scanners ouverts.\u00a0 Existent en 4 d\u00e9clinaisons : Plateforme anti-rotationnelle pour les implants de diam\u00e8tre 3,30 \u00e0 4,20 mm Plateforme rotationnelle pour les implants de diam\u00e8tre 3,30 \u00e0 4,20 mm Plateforme anti-rotationnelle pour les implants de diam\u00e8tre 4,70 \u00e0 6,00 mm Plateforme rotationnelle pour les implants de diam\u00e8tre\u00a04,70 [&hellip;]<\/p>\n","protected":false},"featured_media":49388,"comment_status":"open","ping_status":"closed","template":"","meta":[],"product_cat":[1444],"product_tag":[1579,1617,1614,927,1589,1618,1590,1591,1601,1592,1619,1593,1594,1615,1542,1595,1596,1597,1582,1598,1468,1616,1656,1583,1602],"class_list":{"0":"post-47364","1":"product","2":"type-product","3":"status-publish","4":"has-post-thumbnail","6":"product_cat-non-classe","7":"product_tag-accastillage","8":"product_tag-alpha-bio-tec-atid","9":"product_tag-biocom","10":"product_tag-calcinables-base-usinee-titane","11":"product_tag-compatible_ab-adin-swell-touareg-cortex-easy-implant","12":"product_tag-compatible_alpha-bio-tec-screw-type-spi-dfi-conical","13":"product_tag-compatible_mis-lance-biocom-m4-seven","14":"product_tag-compatible_tav-dental-sirius-silhouette","15":"product_tag-compatible_zimmer-biomet-tapered-screw-vent","16":"product_tag-connexion_hexagone-interne","17":"product_tag-dfi-et-spi","18":"product_tag-hexagone-interne","19":"product_tag-les-interfaces-scannables","20":"product_tag-m4","21":"product_tag-marque_safe-implant","22":"product_tag-mis","23":"product_tag-modele_interfaces-scannables","24":"product_tag-nos-interfaces-digitales","25":"product_tag-nos-solutions-generiques","26":"product_tag-nos-suprastructures","27":"product_tag-safe-implant","28":"product_tag-seven","29":"product_tag-ti-base","30":"product_tag-zimmer-biomet","31":"product_tag-zimmer-biomet-tapered-screw-vent","33":"first","34":"instock","35":"shipping-taxable","36":"purchasable","37":"product-type-variable"},"_links":{"self":[{"href":"https:\/\/dentafrica.com\/index.php?rest_route=\/wp\/v2\/product\/47364","targetHints":{"allow":["GET"]}}],"collection":[{"href":"https:\/\/dentafrica.com\/index.php?rest_route=\/wp\/v2\/product"}],"about":[{"href":"https:\/\/dentafrica.com\/index.php?rest_route=\/wp\/v2\/types\/product"}],"replies":[{"embeddable":true,"href":"https:\/\/dentafrica.com\/index.php?rest_route=%2Fwp%2Fv2%2Fcomments&post=47364"}],"wp:featuredmedia":[{"embeddable":true,"href":"https:\/\/dentafrica.com\/index.php?rest_route=\/wp\/v2\/media\/49388"}],"wp:attachment":[{"href":"https:\/\/dentafrica.com\/index.php?rest_route=%2Fwp%2Fv2%2Fmedia&parent=47364"}],"wp:term":[{"taxonomy":"product_cat","embeddable":true,"href":"https:\/\/dentafrica.com\/index.php?rest_route=%2Fwp%2Fv2%2Fproduct_cat&post=47364"},{"taxonomy":"product_tag","embeddable":true,"href":"https:\/\/dentafrica.com\/index.php?rest_route=%2Fwp%2Fv2%2Fproduct_tag&post=47364"}],"curies":[{"name":"wp","href":"https:\/\/api.w.org\/{rel}","templated":true}]}}