{"id":46937,"date":"2023-06-26T16:08:12","date_gmt":"2023-06-26T16:08:12","guid":{"rendered":"https:\/\/dentafrica.com\/?product=healbond-adhesif-photopolymerisable-elsodent"},"modified":"2024-04-25T17:51:10","modified_gmt":"2024-04-25T17:51:10","slug":"healbond-adhesif-photopolymerisable-elsodent","status":"publish","type":"product","link":"https:\/\/dentafrica.com\/?product=healbond-adhesif-photopolymerisable-elsodent","title":{"rendered":"Healbond Adh\u00e9sif photopolym\u00e9risable &#8211; ELSODENT"},"content":{"rendered":"<p>Agent de collage photopolym\u00e9risable d\u00e9sensibilisant de derni\u00e8re g\u00e9n\u00e9ration sur une base \u00e9thanol\/eau pour utilisation sur surface humide, n\u00e9cessitant un mordan\u00e7age pr\u00e9alable \u00e0 l&rsquo;acide phosphorique.<\/p>\n<p><strong>Avantages :\u00a0<\/strong><\/p>\n<ul>\n<li>Pr\u00e9sence d&rsquo;un agent anti-microbien et d\u00e9sensibilisant (chlorure de benzalconium)<\/li>\n<li>P\u00e9n\u00e8tre profond\u00e9ment dans les tubulis dentaires, en \u00e9liminant les bact\u00e9ries r\u00e9siduelles pr\u00e9sentes, \u00e9tablissant ainsi une barri\u00e8re herm\u00e9tique et r\u00e9tentive.<\/li>\n<li>R\u00e9sistance \u00e0 la traction, apr\u00e8s 10 minutes : ~16 Mpa<\/li>\n<\/ul>\n","protected":false},"excerpt":{"rendered":"<p>Agent de collage photopolym\u00e9risable d\u00e9sensibilisant de derni\u00e8re g\u00e9n\u00e9ration sur une base \u00e9thanol\/eau pour utilisation sur surface humide, n\u00e9cessitant un mordan\u00e7age pr\u00e9alable \u00e0 l&rsquo;acide phosphorique. Avantages :\u00a0 Pr\u00e9sence d&rsquo;un agent anti-microbien et d\u00e9sensibilisant (chlorure de benzalconium) P\u00e9n\u00e8tre profond\u00e9ment dans les tubulis dentaires, en \u00e9liminant les bact\u00e9ries r\u00e9siduelles pr\u00e9sentes, \u00e9tablissant ainsi une barri\u00e8re herm\u00e9tique et r\u00e9tentive. R\u00e9sistance [&hellip;]<\/p>\n","protected":false},"featured_media":48396,"comment_status":"open","ping_status":"closed","template":"","meta":[],"product_cat":[1444],"product_tag":[1552,1473,720,1451,1452,1453,1456,1468,1512,1517],"class_list":{"0":"post-46937","1":"product","2":"type-product","3":"status-publish","4":"has-post-thumbnail","6":"product_cat-non-classe","7":"product_tag-adhesif","8":"product_tag-consommables","9":"product_tag-marque_elsodent","10":"product_tag-materiaux","11":"product_tag-omnipratique","12":"product_tag-produits-annexes","13":"product_tag-restauration-ciments","14":"product_tag-safe-implant","15":"product_tag-specialite_restauration","16":"product_tag-type_adhesif","18":"first","19":"instock","20":"shipping-taxable","21":"purchasable","22":"product-type-simple"},"_links":{"self":[{"href":"https:\/\/dentafrica.com\/index.php?rest_route=\/wp\/v2\/product\/46937","targetHints":{"allow":["GET"]}}],"collection":[{"href":"https:\/\/dentafrica.com\/index.php?rest_route=\/wp\/v2\/product"}],"about":[{"href":"https:\/\/dentafrica.com\/index.php?rest_route=\/wp\/v2\/types\/product"}],"replies":[{"embeddable":true,"href":"https:\/\/dentafrica.com\/index.php?rest_route=%2Fwp%2Fv2%2Fcomments&post=46937"}],"wp:featuredmedia":[{"embeddable":true,"href":"https:\/\/dentafrica.com\/index.php?rest_route=\/wp\/v2\/media\/48396"}],"wp:attachment":[{"href":"https:\/\/dentafrica.com\/index.php?rest_route=%2Fwp%2Fv2%2Fmedia&parent=46937"}],"wp:term":[{"taxonomy":"product_cat","embeddable":true,"href":"https:\/\/dentafrica.com\/index.php?rest_route=%2Fwp%2Fv2%2Fproduct_cat&post=46937"},{"taxonomy":"product_tag","embeddable":true,"href":"https:\/\/dentafrica.com\/index.php?rest_route=%2Fwp%2Fv2%2Fproduct_tag&post=46937"}],"curies":[{"name":"wp","href":"https:\/\/api.w.org\/{rel}","templated":true}]}}