{"id":46576,"date":"2023-06-26T16:05:41","date_gmt":"2023-06-26T16:05:41","guid":{"rendered":"https:\/\/dentafrica.com\/?product=gants-latex-sans-poudre"},"modified":"2024-04-25T17:50:37","modified_gmt":"2024-04-25T17:50:37","slug":"gants-latex-sans-poudre","status":"publish","type":"product","link":"https:\/\/dentafrica.com\/?product=gants-latex-sans-poudre","title":{"rendered":"Gants latex sans poudre"},"content":{"rendered":"<p>Gants latex sans poudre et hypoallerg\u00e9niques offrant excellente pr\u00e9hension et un grand confort d&rsquo;utilisation des instruments.\u00a0<\/p>\n<p>Sans poudre, ils minimisent les risques d&rsquo;allergie \u00e0 l&rsquo;amidon de ma\u00efs.\u00a0<\/p>\n<p>Ils poss\u00e8dent une grande \u00e9lasticit\u00e9, ce qui leur conf\u00e8re confort et r\u00e9sistance.<\/p>\n<p>Bo\u00eete de 200.<\/p>\n<p><strong>Caract\u00e9ristiques techniques\u00a0<\/strong><\/p>\n<ul>\n<li>Couleur : blanc<\/li>\n<li>Longueur : 240 mm<\/li>\n<li>Epaisseur paume : 0,08 \u00e0 0,10 mm<\/li>\n<li>Epaisseur doigt : 0,08 \u00e0 0,12 mm<\/li>\n<li>Mat\u00e9riau : latex<\/li>\n<\/ul>\n<p>\u00a0<\/p>\n","protected":false},"excerpt":{"rendered":"<p>Gants latex sans poudre et hypoallerg\u00e9niques offrant excellente pr\u00e9hension et un grand confort d&rsquo;utilisation des instruments.\u00a0 Sans poudre, ils minimisent les risques d&rsquo;allergie \u00e0 l&rsquo;amidon de ma\u00efs.\u00a0 Ils poss\u00e8dent une grande \u00e9lasticit\u00e9, ce qui leur conf\u00e8re confort et r\u00e9sistance. Bo\u00eete de 200. Caract\u00e9ristiques techniques\u00a0 Couleur : blanc Longueur : 240 mm Epaisseur paume : 0,08 [&hellip;]<\/p>\n","protected":false},"featured_media":48123,"comment_status":"open","ping_status":"closed","template":"","meta":[],"product_cat":[1444],"product_tag":[1805,1474,664,1452,1453,1488,1806,1468],"class_list":{"0":"post-46576","1":"product","2":"type-product","3":"status-publish","4":"has-post-thumbnail","6":"product_cat-non-classe","7":"product_tag-gants","8":"product_tag-hygiene-et-entretien","9":"product_tag-marque_profection","10":"product_tag-omnipratique","11":"product_tag-produits-annexes","12":"product_tag-protection","13":"product_tag-protection_gants","14":"product_tag-safe-implant","16":"first","17":"instock","18":"shipping-taxable","19":"purchasable","20":"product-type-variable"},"_links":{"self":[{"href":"https:\/\/dentafrica.com\/index.php?rest_route=\/wp\/v2\/product\/46576","targetHints":{"allow":["GET"]}}],"collection":[{"href":"https:\/\/dentafrica.com\/index.php?rest_route=\/wp\/v2\/product"}],"about":[{"href":"https:\/\/dentafrica.com\/index.php?rest_route=\/wp\/v2\/types\/product"}],"replies":[{"embeddable":true,"href":"https:\/\/dentafrica.com\/index.php?rest_route=%2Fwp%2Fv2%2Fcomments&post=46576"}],"wp:featuredmedia":[{"embeddable":true,"href":"https:\/\/dentafrica.com\/index.php?rest_route=\/wp\/v2\/media\/48123"}],"wp:attachment":[{"href":"https:\/\/dentafrica.com\/index.php?rest_route=%2Fwp%2Fv2%2Fmedia&parent=46576"}],"wp:term":[{"taxonomy":"product_cat","embeddable":true,"href":"https:\/\/dentafrica.com\/index.php?rest_route=%2Fwp%2Fv2%2Fproduct_cat&post=46576"},{"taxonomy":"product_tag","embeddable":true,"href":"https:\/\/dentafrica.com\/index.php?rest_route=%2Fwp%2Fv2%2Fproduct_tag&post=46576"}],"curies":[{"name":"wp","href":"https:\/\/api.w.org\/{rel}","templated":true}]}}