{"id":46549,"date":"2023-06-26T16:05:28","date_gmt":"2023-06-26T16:05:28","guid":{"rendered":"https:\/\/dentafrica.com\/?product=gants-dexamen-poudres-en-latex-kent-dental"},"modified":"2024-04-25T17:50:33","modified_gmt":"2024-04-25T17:50:33","slug":"gants-dexamen-poudres-en-latex-kent-dental","status":"publish","type":"product","link":"https:\/\/dentafrica.com\/?product=gants-dexamen-poudres-en-latex-kent-dental","title":{"rendered":"Gants d&rsquo;examen poudr\u00e9s en latex &#8211; Kent Dental"},"content":{"rendered":"<ul>\n<li>\n<span data-mce-fragment=\"1\">\ufeff<\/span><span data-mce-fragment=\"1\">Tr\u00e8s l\u00e9g\u00e8rement poudr\u00e9s <\/span>\n<\/li>\n<li><span data-mce-fragment=\"1\">Gants ambidextres en latex non st\u00e9riles. <\/span><\/li>\n<li><span data-mce-fragment=\"1\">Tr\u00e8s l\u00e9g\u00e8rement poudr\u00e9s \u00e0 l&rsquo;amidon v\u00e9g\u00e9tal, afin de supprimer les substances allerg\u00e8nes du latex. <\/span><\/li>\n<\/ul>\n<p><span data-mce-fragment=\"1\"><strong>Propri\u00e9t\u00e9s :<\/strong> <br \/><\/span><\/p>\n<ul>\n<li><span data-mce-fragment=\"1\">Manchettes \u00e0 bords roul\u00e9s pour diminuer le risque de rupture \u00e0 l&rsquo;enfilage. <\/span><\/li>\n<li><span data-mce-fragment=\"1\">Texture lisse, non glissante et tr\u00e8s sensible.<\/span><\/li>\n<li><span data-mce-fragment=\"1\"> Gants \u00e9tanches et r\u00e9sistants contr\u00f4l\u00e9s \u00e0 l&rsquo;eau et \u00e0 l&rsquo;air.<\/span><\/li>\n<li><span data-mce-fragment=\"1\"> Conformes aux normes Europ\u00e9ennes et internationales.<\/span><\/li>\n<\/ul>\n<p><span data-mce-fragment=\"1\"> Dispositif m\u00e9dical de classe I. Fabricant CFPM.<\/span><\/p>\n<ul>\n<li><span data-mce-fragment=\"1\">XSmall 5\/6<\/span><\/li>\n<li><span data-mce-fragment=\"1\">Small 6\/7<\/span><\/li>\n<li><span data-mce-fragment=\"1\">Medium 7\/8<\/span><\/li>\n<li><span data-mce-fragment=\"1\">Large 8\/9<\/span><\/li>\n<\/ul>\n","protected":false},"excerpt":{"rendered":"<p>\ufeffTr\u00e8s l\u00e9g\u00e8rement poudr\u00e9s Gants ambidextres en latex non st\u00e9riles. Tr\u00e8s l\u00e9g\u00e8rement poudr\u00e9s \u00e0 l&rsquo;amidon v\u00e9g\u00e9tal, afin de supprimer les substances allerg\u00e8nes du latex. Propri\u00e9t\u00e9s : Manchettes \u00e0 bords roul\u00e9s pour diminuer le risque de rupture \u00e0 l&rsquo;enfilage. Texture lisse, non glissante et tr\u00e8s sensible. Gants \u00e9tanches et r\u00e9sistants contr\u00f4l\u00e9s \u00e0 l&rsquo;eau et \u00e0 l&rsquo;air. Conformes [&hellip;]<\/p>\n","protected":false},"featured_media":48107,"comment_status":"open","ping_status":"closed","template":"","meta":[],"product_cat":[1444],"product_tag":[1805,1474,1551,1452,1453,1488,1806,1468],"class_list":{"0":"post-46549","1":"product","2":"type-product","3":"status-publish","4":"has-post-thumbnail","6":"product_cat-non-classe","7":"product_tag-gants","8":"product_tag-hygiene-et-entretien","9":"product_tag-marque_kent-dental","10":"product_tag-omnipratique","11":"product_tag-produits-annexes","12":"product_tag-protection","13":"product_tag-protection_gants","14":"product_tag-safe-implant","16":"first","17":"instock","18":"shipping-taxable","19":"purchasable","20":"product-type-variable"},"_links":{"self":[{"href":"https:\/\/dentafrica.com\/index.php?rest_route=\/wp\/v2\/product\/46549","targetHints":{"allow":["GET"]}}],"collection":[{"href":"https:\/\/dentafrica.com\/index.php?rest_route=\/wp\/v2\/product"}],"about":[{"href":"https:\/\/dentafrica.com\/index.php?rest_route=\/wp\/v2\/types\/product"}],"replies":[{"embeddable":true,"href":"https:\/\/dentafrica.com\/index.php?rest_route=%2Fwp%2Fv2%2Fcomments&post=46549"}],"wp:featuredmedia":[{"embeddable":true,"href":"https:\/\/dentafrica.com\/index.php?rest_route=\/wp\/v2\/media\/48107"}],"wp:attachment":[{"href":"https:\/\/dentafrica.com\/index.php?rest_route=%2Fwp%2Fv2%2Fmedia&parent=46549"}],"wp:term":[{"taxonomy":"product_cat","embeddable":true,"href":"https:\/\/dentafrica.com\/index.php?rest_route=%2Fwp%2Fv2%2Fproduct_cat&post=46549"},{"taxonomy":"product_tag","embeddable":true,"href":"https:\/\/dentafrica.com\/index.php?rest_route=%2Fwp%2Fv2%2Fproduct_tag&post=46549"}],"curies":[{"name":"wp","href":"https:\/\/api.w.org\/{rel}","templated":true}]}}