{"id":45531,"date":"2023-06-26T15:59:18","date_gmt":"2023-06-26T15:59:18","guid":{"rendered":"https:\/\/dentafrica.com\/?product=fraises-chirurgicales-et-endo-zekrya-151-z-cool-cut"},"modified":"2024-04-25T17:48:49","modified_gmt":"2024-04-25T17:48:49","slug":"fraises-chirurgicales-et-endo-zekrya-151-z-cool-cut","status":"publish","type":"product","link":"https:\/\/dentafrica.com\/?product=fraises-chirurgicales-et-endo-zekrya-151-z-cool-cut","title":{"rendered":"Fraises chirurgicales et endo Zekrya 151-Z &#8211; COOL CUT"},"content":{"rendered":"<p data-mce-fragment=\"1\">Fraises chirurgicales et endo en carbure de tungst\u00e8ne 151-Z<\/p>\n<p data-mce-fragment=\"1\"><span data-mce-fragment=\"1\">Diam\u00e8tre t\u00eate 1\/10 mm : 016<br data-mce-fragment=\"1\">Longueur t\u00eate :\u00a011 mm<\/span><\/p>\n<ul data-mce-fragment=\"1\">\n<li data-mce-fragment=\"1\">Blister de 5 fraises<\/li>\n<li data-mce-fragment=\"1\">5 blisters de\u00a05\u00a0fraises\u00a0<\/li>\n<li data-mce-fragment=\"1\">10 blisters de 5 fraises<\/li>\n<\/ul>\n","protected":false},"excerpt":{"rendered":"<p>Fraises chirurgicales et endo en carbure de tungst\u00e8ne 151-Z Diam\u00e8tre t\u00eate 1\/10 mm : 016Longueur t\u00eate :\u00a011 mm Blister de 5 fraises 5 blisters de\u00a05\u00a0fraises\u00a0 10 blisters de 5 fraises<\/p>\n","protected":false},"featured_media":47175,"comment_status":"open","ping_status":"closed","template":"","meta":[],"product_cat":[1444],"product_tag":[1522,1828,1830,1452,1454],"class_list":{"0":"post-45531","1":"product","2":"type-product","3":"status-publish","4":"has-post-thumbnail","6":"product_cat-non-classe","7":"product_tag-fraises-inserts","8":"product_tag-fraises-en-carbure-de-tungstene","9":"product_tag-marque_coolcut","10":"product_tag-omnipratique","11":"product_tag-produits-annexes-dentiste","13":"first","14":"outofstock","15":"shipping-taxable","16":"purchasable","17":"product-type-variable"},"_links":{"self":[{"href":"https:\/\/dentafrica.com\/index.php?rest_route=\/wp\/v2\/product\/45531","targetHints":{"allow":["GET"]}}],"collection":[{"href":"https:\/\/dentafrica.com\/index.php?rest_route=\/wp\/v2\/product"}],"about":[{"href":"https:\/\/dentafrica.com\/index.php?rest_route=\/wp\/v2\/types\/product"}],"replies":[{"embeddable":true,"href":"https:\/\/dentafrica.com\/index.php?rest_route=%2Fwp%2Fv2%2Fcomments&post=45531"}],"wp:featuredmedia":[{"embeddable":true,"href":"https:\/\/dentafrica.com\/index.php?rest_route=\/wp\/v2\/media\/47175"}],"wp:attachment":[{"href":"https:\/\/dentafrica.com\/index.php?rest_route=%2Fwp%2Fv2%2Fmedia&parent=45531"}],"wp:term":[{"taxonomy":"product_cat","embeddable":true,"href":"https:\/\/dentafrica.com\/index.php?rest_route=%2Fwp%2Fv2%2Fproduct_cat&post=45531"},{"taxonomy":"product_tag","embeddable":true,"href":"https:\/\/dentafrica.com\/index.php?rest_route=%2Fwp%2Fv2%2Fproduct_tag&post=45531"}],"curies":[{"name":"wp","href":"https:\/\/api.w.org\/{rel}","templated":true}]}}