{"id":45373,"date":"2023-06-26T15:58:23","date_gmt":"2023-06-26T15:58:23","guid":{"rendered":"https:\/\/dentafrica.com\/?product=fraises-a-conge-steriles-medibase"},"modified":"2024-04-25T17:48:35","modified_gmt":"2024-04-25T17:48:35","slug":"fraises-a-conge-steriles-medibase","status":"publish","type":"product","link":"https:\/\/dentafrica.com\/?product=fraises-a-conge-steriles-medibase","title":{"rendered":"Fraises \u00e0 cong\u00e9 st\u00e9riles &#8211; MEDIBASE"},"content":{"rendered":"<p><span data-mce-fragment=\"1\">d\u00e9j\u00e0 st\u00e9rilis\u00e9es : <\/span><\/p>\n<ul>\n<li><span data-mce-fragment=\"1\">pr\u00eate \u00e0 l&#8217;emploi <\/span><\/li>\n<li><span data-mce-fragment=\"1\">\u00e0 usage unique : s\u00e9curit\u00e9 pour vos patients<\/span><\/li>\n<\/ul>\n<p><span data-mce-fragment=\"1\"> Fraises FG pour turbine, st\u00e9riles par radiation gamma pour une hygi\u00e8ne optimale. <\/span><\/p>\n<p><span data-mce-fragment=\"1\"><strong>Propri\u00e9t\u00e9s :<\/strong> <\/span><\/p>\n<ul>\n<li><span data-mce-fragment=\"1\">A usage unique : tout risque de contamination crois\u00e9e est \u00e9cart\u00e9.<\/span><\/li>\n<li><span data-mce-fragment=\"1\"> Toutes les formes sont disponibles en grain gros pour une taille rapide et efficace.<\/span><\/li>\n<li><span data-mce-fragment=\"1\"> V\u00e9rifi\u00e9es au microscope, garantissant une fabrication ma\u00eetris\u00e9e et contr\u00f4l\u00e9e<\/span><\/li>\n<\/ul>\n<p>Dispositif m\u00e9dical de classe lIa. Marquage CE0120. Fabricant : CFPM.<\/p>\n<p><strong>La bo\u00eete de 25 fraises st\u00e9riles\u00a0<\/strong><\/p>\n<p>Fraise \u00e0 cong\u00e9, Grain gros vert<\/p>\n<p><strong>S1 :<\/strong> <br \/>ISO : 015<br \/>Longueur travail : 9,5 mm<br \/>Longueur Totale\u00a0 : 22 mm<\/p>\n<p><strong>S3 :<br \/><\/strong>ISO : 013<br \/>Longueur travail : 9,5 mm<br \/>Longueur Totale : 22<\/p>\n<p><strong data-mce-fragment=\"1\">S5 :<\/strong><span data-mce-fragment=\"1\"><\/span><br data-mce-fragment=\"1\"><span data-mce-fragment=\"1\">ISO : 015<\/span><br data-mce-fragment=\"1\"><span data-mce-fragment=\"1\">Longueur travail : 8\u00a0<\/span><span data-mce-fragment=\"1\">mm<\/span><br data-mce-fragment=\"1\"><span data-mce-fragment=\"1\">Longueur Totale\u00a0 : 20,5 mm<\/span><\/p>\n<p><span data-mce-fragment=\"1\"><strong data-mce-fragment=\"1\">T3\u00a0:<\/strong><br data-mce-fragment=\"1\">ISO : 016<br data-mce-fragment=\"1\">Longueur travail :\u00a08\u00a0mm<br data-mce-fragment=\"1\">Longueur Totale\u00a0 : 20\u00a0mm<\/span><\/p>\n","protected":false},"excerpt":{"rendered":"<p>d\u00e9j\u00e0 st\u00e9rilis\u00e9es : pr\u00eate \u00e0 l&#8217;emploi \u00e0 usage unique : s\u00e9curit\u00e9 pour vos patients Fraises FG pour turbine, st\u00e9riles par radiation gamma pour une hygi\u00e8ne optimale. Propri\u00e9t\u00e9s : A usage unique : tout risque de contamination crois\u00e9e est \u00e9cart\u00e9. Toutes les formes sont disponibles en grain gros pour une taille rapide et efficace. V\u00e9rifi\u00e9es au [&hellip;]<\/p>\n","protected":false},"featured_media":47025,"comment_status":"open","ping_status":"closed","template":"","meta":[],"product_cat":[1444],"product_tag":[1521,1522,1523,1525,1568,1452,1453,1454,1468,1527,1528],"class_list":{"0":"post-45373","1":"product","2":"type-product","3":"status-publish","4":"has-post-thumbnail","6":"product_cat-non-classe","7":"product_tag-fraise_fg","8":"product_tag-fraises-inserts","9":"product_tag-fraises-polissage","10":"product_tag-grain_gros","11":"product_tag-marque_medibase","12":"product_tag-omnipratique","13":"product_tag-produits-annexes","14":"product_tag-produits-annexes-dentiste","15":"product_tag-safe-implant","16":"product_tag-taille-et-preparation-fg","17":"product_tag-turbines-fg","19":"first","20":"instock","21":"shipping-taxable","22":"purchasable","23":"product-type-variable"},"_links":{"self":[{"href":"https:\/\/dentafrica.com\/index.php?rest_route=\/wp\/v2\/product\/45373","targetHints":{"allow":["GET"]}}],"collection":[{"href":"https:\/\/dentafrica.com\/index.php?rest_route=\/wp\/v2\/product"}],"about":[{"href":"https:\/\/dentafrica.com\/index.php?rest_route=\/wp\/v2\/types\/product"}],"replies":[{"embeddable":true,"href":"https:\/\/dentafrica.com\/index.php?rest_route=%2Fwp%2Fv2%2Fcomments&post=45373"}],"wp:featuredmedia":[{"embeddable":true,"href":"https:\/\/dentafrica.com\/index.php?rest_route=\/wp\/v2\/media\/47025"}],"wp:attachment":[{"href":"https:\/\/dentafrica.com\/index.php?rest_route=%2Fwp%2Fv2%2Fmedia&parent=45373"}],"wp:term":[{"taxonomy":"product_cat","embeddable":true,"href":"https:\/\/dentafrica.com\/index.php?rest_route=%2Fwp%2Fv2%2Fproduct_cat&post=45373"},{"taxonomy":"product_tag","embeddable":true,"href":"https:\/\/dentafrica.com\/index.php?rest_route=%2Fwp%2Fv2%2Fproduct_tag&post=45373"}],"curies":[{"name":"wp","href":"https:\/\/api.w.org\/{rel}","templated":true}]}}