{"id":45093,"date":"2023-06-26T15:55:34","date_gmt":"2023-06-26T15:55:34","guid":{"rendered":"https:\/\/dentafrica.com\/?product=forets-pilote-dentoclic-itena"},"modified":"2024-04-25T17:48:09","modified_gmt":"2024-04-25T17:48:09","slug":"forets-pilote-dentoclic-itena","status":"publish","type":"product","link":"https:\/\/dentafrica.com\/?product=forets-pilote-dentoclic-itena","title":{"rendered":"Forets Pilote &#8211; DENTOCLIC ITENA"},"content":{"rendered":"<p>Propri\u00e9t\u00e9s : Forets en acier chirurgical garantissant une parfaite protection contre la corrosion. Les forets Dentoclic sont rectifi\u00e9s permettant une pr\u00e9cision au micron pr\u00e8s. Assure plus de tol\u00e9rance. La forme h\u00e9lico\u00efdale de la denture de forets dentoclic permet un pouvoir de coupe sup\u00e9rieur et une \u00e9vacuation plus ais\u00e9e des d\u00e9bris.<\/p>\n<p>Dispositif m\u00e9dical de classe lla. Marquage CE0120. Fabricant : ITENA Clinical.<\/p>\n<p><strong>Forets Pilote<br \/><\/strong><strong><br \/><\/strong>Indications : Destin\u00e9s \u00e0 retrouver l&rsquo;axe du canal dans l&rsquo;obturation endodontique. Constituent d&rsquo;excellent \u00e9largisseurs des canaux radiculaires.<\/p>\n<p>La bo\u00eete de 4 forets<\/p>\n<table width=\"100%\">\n<tbody>\n<tr>\n<td>\u00a0Diam\u00e8tre , mm<\/td>\n<td>nombre de rainures<\/td>\n<\/tr>\n<tr>\n<td>0,75<\/td>\n<td>1<\/td>\n<\/tr>\n<tr>\n<td>0,90<\/td>\n<td>2<\/td>\n<\/tr>\n<tr>\n<td>0,95<\/td>\n<td>3<\/td>\n<\/tr>\n<tr>\n<td>1,05<\/td>\n<td>4<\/td>\n<\/tr>\n<tr>\n<td>Assortis<\/td>\n<td>&#8211;<\/td>\n<\/tr>\n<\/tbody>\n<\/table>\n","protected":false},"excerpt":{"rendered":"<p>Propri\u00e9t\u00e9s : Forets en acier chirurgical garantissant une parfaite protection contre la corrosion. Les forets Dentoclic sont rectifi\u00e9s permettant une pr\u00e9cision au micron pr\u00e8s. Assure plus de tol\u00e9rance. La forme h\u00e9lico\u00efdale de la denture de forets dentoclic permet un pouvoir de coupe sup\u00e9rieur et une \u00e9vacuation plus ais\u00e9e des d\u00e9bris. Dispositif m\u00e9dical de classe lla. [&hellip;]<\/p>\n","protected":false},"featured_media":46529,"comment_status":"open","ping_status":"closed","template":"","meta":[],"product_cat":[1444],"product_tag":[1459,1714,1581,1716,1495,1717,1751,1571,1453,1557,1468,1460,1727,1682],"class_list":{"0":"post-45093","1":"product","2":"type-product","3":"status-publish","4":"has-post-thumbnail","6":"product_cat-non-classe","7":"product_tag-endodontie","8":"product_tag-forets-endodontie","9":"product_tag-implantologie","10":"product_tag-instrumentation-implantologie","11":"product_tag-instruments","12":"product_tag-les-forets","13":"product_tag-marque_dentoclic-itena","14":"product_tag-prise-dempreinte","15":"product_tag-produits-annexes","16":"product_tag-restauration","17":"product_tag-safe-implant","18":"product_tag-specialite_endodontie","19":"product_tag-specialite_implantologie","20":"product_tag-tenons-et-alesoirs","22":"first","23":"instock","24":"shipping-taxable","25":"purchasable","26":"product-type-variable"},"_links":{"self":[{"href":"https:\/\/dentafrica.com\/index.php?rest_route=\/wp\/v2\/product\/45093","targetHints":{"allow":["GET"]}}],"collection":[{"href":"https:\/\/dentafrica.com\/index.php?rest_route=\/wp\/v2\/product"}],"about":[{"href":"https:\/\/dentafrica.com\/index.php?rest_route=\/wp\/v2\/types\/product"}],"replies":[{"embeddable":true,"href":"https:\/\/dentafrica.com\/index.php?rest_route=%2Fwp%2Fv2%2Fcomments&post=45093"}],"wp:featuredmedia":[{"embeddable":true,"href":"https:\/\/dentafrica.com\/index.php?rest_route=\/wp\/v2\/media\/46529"}],"wp:attachment":[{"href":"https:\/\/dentafrica.com\/index.php?rest_route=%2Fwp%2Fv2%2Fmedia&parent=45093"}],"wp:term":[{"taxonomy":"product_cat","embeddable":true,"href":"https:\/\/dentafrica.com\/index.php?rest_route=%2Fwp%2Fv2%2Fproduct_cat&post=45093"},{"taxonomy":"product_tag","embeddable":true,"href":"https:\/\/dentafrica.com\/index.php?rest_route=%2Fwp%2Fv2%2Fproduct_tag&post=45093"}],"curies":[{"name":"wp","href":"https:\/\/api.w.org\/{rel}","templated":true}]}}