{"id":45067,"date":"2023-06-26T15:55:27","date_gmt":"2023-06-26T15:55:27","guid":{"rendered":"https:\/\/dentafrica.com\/?product=forets-largo-peeso-dentoclic-itena"},"modified":"2024-04-25T17:48:09","modified_gmt":"2024-04-25T17:48:09","slug":"forets-largo-peeso-dentoclic-itena","status":"publish","type":"product","link":"https:\/\/dentafrica.com\/?product=forets-largo-peeso-dentoclic-itena","title":{"rendered":"Forets Largo\/Peeso &#8211; DENTOCLIC ITENA"},"content":{"rendered":"<p data-mce-fragment=\"1\"><strong>Propri\u00e9t\u00e9s<\/strong> : Forets en acier chirurgical garantissant une parfaite protection contre la corrosion. Les forets Dentoclic sont rectifi\u00e9s permettant une pr\u00e9cision au micron pr\u00e8s. Assure plus de tol\u00e9rance. La forme h\u00e9lico\u00efdale de la denture de forets dentoclic permet un pouvoir de coupe sup\u00e9rieur et une \u00e9vacuation plus ais\u00e9e des d\u00e9bris.<\/p>\n<p data-mce-fragment=\"1\">Dispositif m\u00e9dical de classe lla. Marquage CE0120. Fabricant : ITENA Clinical.<\/p>\n<p data-mce-fragment=\"1\"><strong>Indications<\/strong> : Forets destin\u00e9s \u00e0 l&rsquo;\u00e9largissement des parois canalaires. Facilitent la pr\u00e9paration des logements de tenons de reconstitution ou des tenons pour empreintes. Permettent une utilisation plus ais\u00e9e des forets calibr\u00e9s cylindro-coniques ou coniques.<br \/>Vitesse de rotation conseill\u00e9e 1200 tr\/min<\/p>\n<p data-mce-fragment=\"1\"><strong>La bo\u00eete de 6 forets<\/strong><\/p>\n<table width=\"100%\">\n<tbody>\n<tr>\n<td>Diam\u00e8tre, mm<\/td>\n<td>L = 28 mm<\/td>\n<td>\u00a0L = 32 mm<\/td>\n<\/tr>\n<tr>\n<td>0.70<\/td>\n<td>FORETSLP_28_1<\/td>\n<td>\n<span>FORETSLP_<\/span><span>32<\/span><span>_1<\/span>\n<\/td>\n<\/tr>\n<tr>\n<td>0.90<\/td>\n<td>FORETSLP_28_2<\/td>\n<td>\n<span>FORETSLP_<\/span><span>32<\/span><span>_2<\/span>\n<\/td>\n<\/tr>\n<tr>\n<td>1.10<\/td>\n<td>\n<span data-mce-fragment=\"1\">FORETSLP<\/span>_28_3<\/td>\n<td>\n<span>FORETSLP_<\/span><span>32<\/span><span>_3<\/span>\n<\/td>\n<\/tr>\n<tr>\n<td>1.30<\/td>\n<td>\n<span data-mce-fragment=\"1\">FORETSLP<\/span>_28_4<\/td>\n<td>\n<span>FORETSLP_<\/span><span>32<\/span><span>_4<\/span>\n<\/td>\n<\/tr>\n<tr>\n<td>1.50<\/td>\n<td>\n<span data-mce-fragment=\"1\">FORETSLP<\/span>_28_5<\/td>\n<td>\n<span>FORETSLP_<\/span><span>32<\/span><span>_5<\/span>\n<\/td>\n<\/tr>\n<tr>\n<td>1.70<\/td>\n<td><span>FORETSLP_28_6<\/span><\/td>\n<td><span>FORETSLP_32_6<\/span><\/td>\n<\/tr>\n<tr>\n<td>Assortis<\/td>\n<td>\n<span data-mce-fragment=\"1\">FORETSLP<\/span>_28_A<\/td>\n<td>\n<span>FORETSLP_<\/span><span>32<\/span><span>_A<\/span>\n<\/td>\n<\/tr>\n<\/tbody>\n<\/table>\n<p data-mce-fragment=\"1\">\u00a0<\/p>\n","protected":false},"excerpt":{"rendered":"<p>Propri\u00e9t\u00e9s : Forets en acier chirurgical garantissant une parfaite protection contre la corrosion. Les forets Dentoclic sont rectifi\u00e9s permettant une pr\u00e9cision au micron pr\u00e8s. Assure plus de tol\u00e9rance. La forme h\u00e9lico\u00efdale de la denture de forets dentoclic permet un pouvoir de coupe sup\u00e9rieur et une \u00e9vacuation plus ais\u00e9e des d\u00e9bris. Dispositif m\u00e9dical de classe lla. [&hellip;]<\/p>\n","protected":false},"featured_media":46526,"comment_status":"open","ping_status":"closed","template":"","meta":[],"product_cat":[1444],"product_tag":[1459,1714,1581,1716,1495,1717,1751,1571,1453,1557,1468,1460,1727,1682],"class_list":{"0":"post-45067","1":"product","2":"type-product","3":"status-publish","4":"has-post-thumbnail","6":"product_cat-non-classe","7":"product_tag-endodontie","8":"product_tag-forets-endodontie","9":"product_tag-implantologie","10":"product_tag-instrumentation-implantologie","11":"product_tag-instruments","12":"product_tag-les-forets","13":"product_tag-marque_dentoclic-itena","14":"product_tag-prise-dempreinte","15":"product_tag-produits-annexes","16":"product_tag-restauration","17":"product_tag-safe-implant","18":"product_tag-specialite_endodontie","19":"product_tag-specialite_implantologie","20":"product_tag-tenons-et-alesoirs","22":"first","23":"instock","24":"shipping-taxable","25":"purchasable","26":"product-type-variable"},"_links":{"self":[{"href":"https:\/\/dentafrica.com\/index.php?rest_route=\/wp\/v2\/product\/45067","targetHints":{"allow":["GET"]}}],"collection":[{"href":"https:\/\/dentafrica.com\/index.php?rest_route=\/wp\/v2\/product"}],"about":[{"href":"https:\/\/dentafrica.com\/index.php?rest_route=\/wp\/v2\/types\/product"}],"replies":[{"embeddable":true,"href":"https:\/\/dentafrica.com\/index.php?rest_route=%2Fwp%2Fv2%2Fcomments&post=45067"}],"wp:featuredmedia":[{"embeddable":true,"href":"https:\/\/dentafrica.com\/index.php?rest_route=\/wp\/v2\/media\/46526"}],"wp:attachment":[{"href":"https:\/\/dentafrica.com\/index.php?rest_route=%2Fwp%2Fv2%2Fmedia&parent=45067"}],"wp:term":[{"taxonomy":"product_cat","embeddable":true,"href":"https:\/\/dentafrica.com\/index.php?rest_route=%2Fwp%2Fv2%2Fproduct_cat&post=45067"},{"taxonomy":"product_tag","embeddable":true,"href":"https:\/\/dentafrica.com\/index.php?rest_route=%2Fwp%2Fv2%2Fproduct_tag&post=45067"}],"curies":[{"name":"wp","href":"https:\/\/api.w.org\/{rel}","templated":true}]}}