{"id":44873,"date":"2023-06-26T15:54:14","date_gmt":"2023-06-26T15:54:14","guid":{"rendered":"https:\/\/dentafrica.com\/?product=flexitime-cartouche-heavy-tray-silicone-par-addition-kulzer"},"modified":"2024-04-25T17:47:47","modified_gmt":"2024-04-25T17:47:47","slug":"flexitime-cartouche-heavy-tray-silicone-par-addition-kulzer","status":"publish","type":"product","link":"https:\/\/dentafrica.com\/?product=flexitime-cartouche-heavy-tray-silicone-par-addition-kulzer","title":{"rendered":"Flexitime cartouche Heavy Tray Silicone par addition &#8211; KULZER"},"content":{"rendered":"<p>Silicone par addition innovant avec formule ATS. Quel que soit le temps de manipulation (de 1 \u00e0 2,30 mn), le temps de prise en bouche est rapide (2,30 mn). Excellentes propri\u00e9t\u00e9s hydrophiles. Particuli\u00e8rement adapt\u00e9 aux travaux de longue port\u00e9e.<\/p>\n<p><strong>Flexitime\u00a0Heavy Tray<\/strong><\/p>\n<p>contient 2 cartouches de 50 ml + 12 embouts m\u00e9langeurs<\/p>\n<table width=\"100%\">\n<tbody>\n<tr>\n<td><strong>\u00a0Couleur<\/strong><\/td>\n<td>violet<\/td>\n<\/tr>\n<tr>\n<td><strong>Temps de travail<\/strong><\/td>\n<td>1 mn \u00e0 2 mn 30 s<\/td>\n<\/tr>\n<tr>\n<td><strong>Temps de m\u00e9lange<\/strong><\/td>\n<td>auto<\/td>\n<\/tr>\n<tr>\n<td><strong>Temps en bouche<\/strong><\/td>\n<td>2 mn 30 s<\/td>\n<\/tr>\n<tr>\n<td><strong>Viscosit\u00e9<\/strong><\/td>\n<td>heavy\n<\/td>\n<\/tr>\n<tr>\n<td><strong>Duret\u00e9 Shore A<\/strong><\/td>\n<td>58<\/td>\n<\/tr>\n<\/tbody>\n<\/table>\n","protected":false},"excerpt":{"rendered":"<p>Silicone par addition innovant avec formule ATS. Quel que soit le temps de manipulation (de 1 \u00e0 2,30 mn), le temps de prise en bouche est rapide (2,30 mn). Excellentes propri\u00e9t\u00e9s hydrophiles. Particuli\u00e8rement adapt\u00e9 aux travaux de longue port\u00e9e. Flexitime\u00a0Heavy Tray contient 2 cartouches de 50 ml + 12 embouts m\u00e9langeurs \u00a0Couleur violet Temps de [&hellip;]<\/p>\n","protected":false},"featured_media":46386,"comment_status":"open","ping_status":"closed","template":"","meta":[],"product_cat":[1444],"product_tag":[646,1571,1634,1635,1468,1636,1573],"class_list":{"0":"post-44873","1":"product","2":"type-product","3":"status-publish","4":"has-post-thumbnail","6":"product_cat-non-classe","7":"product_tag-marque_kulzer","8":"product_tag-prise-dempreinte","9":"product_tag-prise-dempreinte_double-melange","10":"product_tag-prise-dempreinte_wash-technic","11":"product_tag-safe-implant","12":"product_tag-silicones-puttys","13":"product_tag-temps-de-prise_normal","15":"first","16":"instock","17":"shipping-taxable","18":"purchasable","19":"product-type-simple"},"_links":{"self":[{"href":"https:\/\/dentafrica.com\/index.php?rest_route=\/wp\/v2\/product\/44873","targetHints":{"allow":["GET"]}}],"collection":[{"href":"https:\/\/dentafrica.com\/index.php?rest_route=\/wp\/v2\/product"}],"about":[{"href":"https:\/\/dentafrica.com\/index.php?rest_route=\/wp\/v2\/types\/product"}],"replies":[{"embeddable":true,"href":"https:\/\/dentafrica.com\/index.php?rest_route=%2Fwp%2Fv2%2Fcomments&post=44873"}],"wp:featuredmedia":[{"embeddable":true,"href":"https:\/\/dentafrica.com\/index.php?rest_route=\/wp\/v2\/media\/46386"}],"wp:attachment":[{"href":"https:\/\/dentafrica.com\/index.php?rest_route=%2Fwp%2Fv2%2Fmedia&parent=44873"}],"wp:term":[{"taxonomy":"product_cat","embeddable":true,"href":"https:\/\/dentafrica.com\/index.php?rest_route=%2Fwp%2Fv2%2Fproduct_cat&post=44873"},{"taxonomy":"product_tag","embeddable":true,"href":"https:\/\/dentafrica.com\/index.php?rest_route=%2Fwp%2Fv2%2Fproduct_tag&post=44873"}],"curies":[{"name":"wp","href":"https:\/\/api.w.org\/{rel}","templated":true}]}}