{"id":43150,"date":"2023-06-26T15:40:53","date_gmt":"2023-06-26T15:40:53","guid":{"rendered":"https:\/\/dentafrica.com\/?product=conference-augma-a-paris-le-18-octobre-2021"},"modified":"2024-04-25T17:45:09","modified_gmt":"2024-04-25T17:45:09","slug":"conference-augma-a-paris-le-18-octobre-2021","status":"publish","type":"product","link":"https:\/\/dentafrica.com\/?product=conference-augma-a-paris-le-18-octobre-2021","title":{"rendered":"Conf\u00e9rence Augma \u00e0 Paris le 18 octobre 2021"},"content":{"rendered":"<p data-mce-fragment=\"1\">Bond Apatite, un produit qui r\u00e9volutionne la r\u00e9g\u00e9n\u00e9ration<span>\u00a0<\/span>osseuse du pr\u00e9sent et du futur pour tous les praticiens.<span>\u00a0<\/span>Du comblement simple au traitement de la p\u00e9ri-implantite.<\/p>\n<p data-mce-fragment=\"1\">D\u00e9roul\u00e9 de la Conf\u00e9rence :<br data-mce-fragment=\"1\">19h30 : buffet<br data-mce-fragment=\"1\">20h &#8211; 22h30 : conf\u00e9rence<br data-mce-fragment=\"1\"><br data-mce-fragment=\"1\">Co\u00fbt de la formation : 550 \u20ac<span data-mce-fragment=\"1\">\u00a0<\/span><strong data-mce-fragment=\"1\">in<\/strong><span class=\"text_exposed_show\" data-mce-fragment=\"1\"><strong data-mce-fragment=\"1\">cluant une boite de 6 seringues Augma Bond Apatite\u2122<\/strong><span data-mce-fragment=\"1\">\u00a0<\/span>offerte.<\/span><\/p>\n<p data-mce-fragment=\"1\"><span class=\"text_exposed_show\" data-mce-fragment=\"1\">Adresse de la conf\u00e9rence :<\/span><\/p>\n<p data-mce-fragment=\"1\"><strong><span class=\"text_exposed_show\" data-mce-fragment=\"1\">17 boulevard Jourdain, 75014 Cit\u00e9 Universitaire,\u00a0<span data-mce-fragment=\"1\">Salon David WEILL<\/span><\/span><\/strong><\/p>\n<p data-mce-fragment=\"1\"><span class=\"text_exposed_show\" data-mce-fragment=\"1\"><img decoding=\"async\" alt=\"\" src=\"https:\/\/cdn.shopify.com\/s\/files\/1\/0511\/8394\/3873\/files\/Logo-Cite-ferre-droite_1500x1000_523c7484-d403-473e-81aa-342b772fe198_480x480.jpg?v=1633103131\" width=\"165\" height=\"110\"><\/span><\/p>\n","protected":false},"excerpt":{"rendered":"<p>Bond Apatite, un produit qui r\u00e9volutionne la r\u00e9g\u00e9n\u00e9ration\u00a0osseuse du pr\u00e9sent et du futur pour tous les praticiens.\u00a0Du comblement simple au traitement de la p\u00e9ri-implantite. D\u00e9roul\u00e9 de la Conf\u00e9rence :19h30 : buffet20h &#8211; 22h30 : conf\u00e9renceCo\u00fbt de la formation : 550 \u20ac\u00a0incluant une boite de 6 seringues Augma Bond Apatite\u2122\u00a0offerte. Adresse de la conf\u00e9rence : 17 [&hellip;]<\/p>\n","protected":false},"featured_media":43669,"comment_status":"open","ping_status":"closed","template":"","meta":[],"product_cat":[1444],"product_tag":[1462,1463,1777,1464,1465,546,1466,1468,1469],"class_list":{"0":"post-43150","1":"product","2":"type-product","3":"status-publish","4":"has-post-thumbnail","6":"product_cat-non-classe","7":"product_tag-augma-bond-apatite","8":"product_tag-comblement-osseux","9":"product_tag-conference","10":"product_tag-les-biomateriaux","11":"product_tag-les-biomateriaux-fils-de-suture","12":"product_tag-marque_augma","13":"product_tag-pharmacie-usage-unique","14":"product_tag-safe-implant","15":"product_tag-usage-unique","17":"first","18":"instock","19":"shipping-taxable","20":"purchasable","21":"product-type-simple"},"_links":{"self":[{"href":"https:\/\/dentafrica.com\/index.php?rest_route=\/wp\/v2\/product\/43150","targetHints":{"allow":["GET"]}}],"collection":[{"href":"https:\/\/dentafrica.com\/index.php?rest_route=\/wp\/v2\/product"}],"about":[{"href":"https:\/\/dentafrica.com\/index.php?rest_route=\/wp\/v2\/types\/product"}],"replies":[{"embeddable":true,"href":"https:\/\/dentafrica.com\/index.php?rest_route=%2Fwp%2Fv2%2Fcomments&post=43150"}],"wp:featuredmedia":[{"embeddable":true,"href":"https:\/\/dentafrica.com\/index.php?rest_route=\/wp\/v2\/media\/43669"}],"wp:attachment":[{"href":"https:\/\/dentafrica.com\/index.php?rest_route=%2Fwp%2Fv2%2Fmedia&parent=43150"}],"wp:term":[{"taxonomy":"product_cat","embeddable":true,"href":"https:\/\/dentafrica.com\/index.php?rest_route=%2Fwp%2Fv2%2Fproduct_cat&post=43150"},{"taxonomy":"product_tag","embeddable":true,"href":"https:\/\/dentafrica.com\/index.php?rest_route=%2Fwp%2Fv2%2Fproduct_tag&post=43150"}],"curies":[{"name":"wp","href":"https:\/\/api.w.org\/{rel}","templated":true}]}}