{"id":42948,"date":"2023-06-26T15:39:49","date_gmt":"2023-06-26T15:39:49","guid":{"rendered":"https:\/\/dentafrica.com\/?product=coffret-excellence-tenons-et-clavettes-cylindro-coniques-dentoclic-itena"},"modified":"2024-04-25T17:44:53","modified_gmt":"2024-04-25T17:44:53","slug":"coffret-excellence-tenons-et-clavettes-cylindro-coniques-dentoclic-itena","status":"publish","type":"product","link":"https:\/\/dentafrica.com\/?product=coffret-excellence-tenons-et-clavettes-cylindro-coniques-dentoclic-itena","title":{"rendered":"Coffret Excellence &#8211; Tenons et clavettes cylindro-coniques &#8211; DENTOCLIC ITENA"},"content":{"rendered":"<p>Propri\u00e9t\u00e9s : Tenons inox et calcinables cylindro-coniques. Le tenon inox permet d&rsquo;am\u00e9nager un espace pour le ciment de scellement. Il poss\u00e8de un syst\u00e8me de double clipsage Dentoclic permettant de verrouiller le tenon dans son logement et un \u00e9ventuel repositionnement. Il offre une parfaite r\u00e9sistance \u00e0 la corrosion. Le tenon calcinable, de diam\u00e8tre l\u00e9g\u00e8rement inf\u00e9rieur, permet de corriger les diff\u00e9rentes variations volum\u00e9triques des mat\u00e9riaux utilis\u00e9s au laboratoire. Codes de couleur par diam\u00e8tre.<\/p>\n<p>Fabricant : ITENA Clinical<br \/>Dispositif m\u00e9dical de classe lla. Marquage CE0120<\/p>\n<p>Coffret Excellence :<\/p>\n<p>Tailles blanche \u00e0 noire.<\/p>\n<p>Le coffret comprend :<br \/> 250 tenons cylindro-coniques inox :<br \/> 10 blancs, <br \/>40 jaunes,<br \/>40 rouges,<br \/>25 bleus,<br \/>8 verts,<br \/>2 noirs,<br \/>calcinables : <br \/>10 blancs,<br \/>40 jaunes,<br \/>40 rouges,<br \/>25 bleus,<br \/>8 verts,<br \/>2 noirs.<br \/>1 foret pilote diam\u00e8tre\u00a0 0,95 mm,<br \/>6 forets cylindro-coniques,<br \/>1 cl\u00e9 manuelle,<br \/>1 r\u00e9glette de calibrage<\/p>\n<p>R\u00e9assort : 1 module de st\u00e9rilisation\u00a0<\/p>\n<p>\u00a0<\/p>\n","protected":false},"excerpt":{"rendered":"<p>Propri\u00e9t\u00e9s : Tenons inox et calcinables cylindro-coniques. Le tenon inox permet d&rsquo;am\u00e9nager un espace pour le ciment de scellement. Il poss\u00e8de un syst\u00e8me de double clipsage Dentoclic permettant de verrouiller le tenon dans son logement et un \u00e9ventuel repositionnement. Il offre une parfaite r\u00e9sistance \u00e0 la corrosion. Le tenon calcinable, de diam\u00e8tre l\u00e9g\u00e8rement inf\u00e9rieur, permet [&hellip;]<\/p>\n","protected":false},"featured_media":43526,"comment_status":"open","ping_status":"closed","template":"","meta":[],"product_cat":[1444],"product_tag":[1459,1475,1751,1702,1571,1453,1557,1456,1468,1460,1512,1680,1703,510,1681,1682],"class_list":{"0":"post-42948","1":"product","2":"type-product","3":"status-publish","4":"has-post-thumbnail","6":"product_cat-non-classe","7":"product_tag-endodontie","8":"product_tag-laboratoire","9":"product_tag-marque_dentoclic-itena","10":"product_tag-pivots-calcinables","11":"product_tag-prise-dempreinte","12":"product_tag-produits-annexes","13":"product_tag-restauration","14":"product_tag-restauration-ciments","15":"product_tag-safe-implant","16":"product_tag-specialite_endodontie","17":"product_tag-specialite_restauration","18":"product_tag-tenon","19":"product_tag-tenon_cylindro-conique-calcinable","20":"product_tag-tenon_cylindro-conique-inox","21":"product_tag-tenons","22":"product_tag-tenons-et-alesoirs","24":"first","25":"instock","26":"shipping-taxable","27":"purchasable","28":"product-type-variable"},"_links":{"self":[{"href":"https:\/\/dentafrica.com\/index.php?rest_route=\/wp\/v2\/product\/42948","targetHints":{"allow":["GET"]}}],"collection":[{"href":"https:\/\/dentafrica.com\/index.php?rest_route=\/wp\/v2\/product"}],"about":[{"href":"https:\/\/dentafrica.com\/index.php?rest_route=\/wp\/v2\/types\/product"}],"replies":[{"embeddable":true,"href":"https:\/\/dentafrica.com\/index.php?rest_route=%2Fwp%2Fv2%2Fcomments&post=42948"}],"wp:featuredmedia":[{"embeddable":true,"href":"https:\/\/dentafrica.com\/index.php?rest_route=\/wp\/v2\/media\/43526"}],"wp:attachment":[{"href":"https:\/\/dentafrica.com\/index.php?rest_route=%2Fwp%2Fv2%2Fmedia&parent=42948"}],"wp:term":[{"taxonomy":"product_cat","embeddable":true,"href":"https:\/\/dentafrica.com\/index.php?rest_route=%2Fwp%2Fv2%2Fproduct_cat&post=42948"},{"taxonomy":"product_tag","embeddable":true,"href":"https:\/\/dentafrica.com\/index.php?rest_route=%2Fwp%2Fv2%2Fproduct_tag&post=42948"}],"curies":[{"name":"wp","href":"https:\/\/api.w.org\/{rel}","templated":true}]}}