{"id":42767,"date":"2023-06-26T15:38:16","date_gmt":"2023-06-26T15:38:16","guid":{"rendered":"https:\/\/dentafrica.com\/?product=ciment-verre-ionomere-ultracem-20-seringues-de-03g"},"modified":"2024-04-25T17:44:34","modified_gmt":"2024-04-25T17:44:34","slug":"ciment-verre-ionomere-ultracem-20-seringues-de-03g","status":"publish","type":"product","link":"https:\/\/dentafrica.com\/?product=ciment-verre-ionomere-ultracem-20-seringues-de-03g","title":{"rendered":"Ciment verre ionom\u00e8re UltraCem &#8211; 20 seringues de 0,3g"},"content":{"rendered":"<p data-mce-fragment=\"1\">Le ciment verre ionom\u00e8re UltraCem vous offre une application efficace ainsi qu&rsquo;une performance in\u00e9galable. C&rsquo;est le premier ciment verre ionom\u00e8re poudre\u00a0&#8211; liquide qui peut \u00eatre m\u00e9lang\u00e9 et appliqu\u00e9 \u00e0 l&rsquo;aide d&rsquo;une seringue.<\/p>\n<p data-mce-fragment=\"1\">\u00a0<\/p>\n<ul class=\"bullets\" data-mce-fragment=\"1\">\n<li data-mce-fragment=\"1\">Force d&rsquo;adh\u00e9sion la plus haute de sa cat\u00e9gorie<\/li>\n<li data-mce-fragment=\"1\">Fluorure \u00e0 lib\u00e9ration prolong\u00e9e\n<\/li>\n<li data-mce-fragment=\"1\">Structure flexible similaire aux dents naturelles pour r\u00e9duire le risque de casse<\/li>\n<li data-mce-fragment=\"1\">Viscosit\u00e9 fluide et film de faible \u00e9paisseur qui ne compromet pas l&rsquo;occlusion<\/li>\n<li data-mce-fragment=\"1\">Liaison ionique \u00e0 la structure de la dent<\/li>\n<li data-mce-fragment=\"1\">Temps de travail 1\u2013 \u00e0 3\u2013minutes, temps de\u00a0s\u00e9chage 5\u2013minutes\n<\/li>\n<li data-mce-fragment=\"1\">Radio-opacit\u00e9 &gt; 1mm aluminium<\/li>\n<\/ul>\n<p><img fetchpriority=\"high\" decoding=\"async\" height=\"588\" width=\"491\" alt=\"\" src=\"https:\/\/cdn.shopify.com\/s\/files\/1\/0511\/8394\/3873\/files\/utilisation_480x480.jpg?v=1611674521\"><\/p>\n<p><iframe width=\"560\" height=\"315\" src=\"https:\/\/www.youtube.com\/embed\/piIh2j0M4Dc\" frameborder=\"0\" allow=\"accelerometer; autoplay; clipboard-write; encrypted-media; gyroscope; picture-in-picture\" allowfullscreen=\"\"><\/iframe><\/p>\n<p>\u00a0<\/p>\n","protected":false},"excerpt":{"rendered":"<p>Le ciment verre ionom\u00e8re UltraCem vous offre une application efficace ainsi qu&rsquo;une performance in\u00e9galable. C&rsquo;est le premier ciment verre ionom\u00e8re poudre\u00a0&#8211; liquide qui peut \u00eatre m\u00e9lang\u00e9 et appliqu\u00e9 \u00e0 l&rsquo;aide d&rsquo;une seringue. \u00a0 Force d&rsquo;adh\u00e9sion la plus haute de sa cat\u00e9gorie Fluorure \u00e0 lib\u00e9ration prolong\u00e9e Structure flexible similaire aux dents naturelles pour r\u00e9duire le risque [&hellip;]<\/p>\n","protected":false},"featured_media":43338,"comment_status":"open","ping_status":"closed","template":"","meta":[],"product_cat":[1444],"product_tag":[1458,1514,1561,1577,1451,1453,1456,1515,1512,1518,640],"class_list":{"0":"post-42767","1":"product","2":"type-product","3":"status-publish","4":"has-post-thumbnail","6":"product_cat-non-classe","7":"product_tag-ciments","8":"product_tag-ciments-definitifs","9":"product_tag-collage","10":"product_tag-marque_ultradent","11":"product_tag-materiaux","12":"product_tag-produits-annexes","13":"product_tag-restauration-ciments","14":"product_tag-scellement_definitif","15":"product_tag-specialite_restauration","16":"product_tag-type_ciment","17":"product_tag-type_composite-de-collage","19":"first","20":"instock","21":"shipping-taxable","22":"purchasable","23":"product-type-simple"},"_links":{"self":[{"href":"https:\/\/dentafrica.com\/index.php?rest_route=\/wp\/v2\/product\/42767","targetHints":{"allow":["GET"]}}],"collection":[{"href":"https:\/\/dentafrica.com\/index.php?rest_route=\/wp\/v2\/product"}],"about":[{"href":"https:\/\/dentafrica.com\/index.php?rest_route=\/wp\/v2\/types\/product"}],"replies":[{"embeddable":true,"href":"https:\/\/dentafrica.com\/index.php?rest_route=%2Fwp%2Fv2%2Fcomments&post=42767"}],"wp:featuredmedia":[{"embeddable":true,"href":"https:\/\/dentafrica.com\/index.php?rest_route=\/wp\/v2\/media\/43338"}],"wp:attachment":[{"href":"https:\/\/dentafrica.com\/index.php?rest_route=%2Fwp%2Fv2%2Fmedia&parent=42767"}],"wp:term":[{"taxonomy":"product_cat","embeddable":true,"href":"https:\/\/dentafrica.com\/index.php?rest_route=%2Fwp%2Fv2%2Fproduct_cat&post=42767"},{"taxonomy":"product_tag","embeddable":true,"href":"https:\/\/dentafrica.com\/index.php?rest_route=%2Fwp%2Fv2%2Fproduct_tag&post=42767"}],"curies":[{"name":"wp","href":"https:\/\/api.w.org\/{rel}","templated":true}]}}