{"id":42372,"date":"2023-06-26T15:35:27","date_gmt":"2023-06-26T15:35:27","guid":{"rendered":"https:\/\/dentafrica.com\/?product=bourrelets-en-cire-droits-moyens-rouge-opaque-110-erkodent"},"modified":"2024-04-25T17:43:57","modified_gmt":"2024-04-25T17:43:57","slug":"bourrelets-en-cire-droits-moyens-rouge-opaque-110-erkodent","status":"publish","type":"product","link":"https:\/\/dentafrica.com\/?product=bourrelets-en-cire-droits-moyens-rouge-opaque-110-erkodent","title":{"rendered":"Bourrelets en cire droits, moyens, rouge-opaque (110) &#8211; Erkodent"},"content":{"rendered":"<p><span data-mce-fragment=\"1\">Bourrelets en cire droits, moyens, rouge-opaque ou cire de sur\u00e9l\u00e9vation.<\/span><\/p>\n<p><span data-mce-fragment=\"1\">Bourrelets en cire, pr\u00e9form\u00e9s et droits avec gorge de positionnement sur la cr\u00eate ce qui permet une fixation ais\u00e9e. Disponible en trois duret\u00e9s, quatre couleurs, pr\u00e9form\u00e9s pour les proth\u00e8ses compl\u00e8tes, droits pour les proth\u00e8ses partielles.<\/span><br data-mce-fragment=\"1\"><span data-mce-fragment=\"1\">Les bourrelets en cire sont livrables avec ou sans oxyde. Ceux avec oxyde ont des couleurs tr\u00e8s opaques ce qui facilite consid\u00e9rablement le jugement optique.<\/span><br data-mce-fragment=\"1\"><br data-mce-fragment=\"1\"><span data-mce-fragment=\"1\">Produits m\u00e9dicaux classe 1<\/span><\/p>\n<p><span data-mce-fragment=\"1\">Bo\u00eete de 110 pi\u00e8ces<\/span><\/p>\n","protected":false},"excerpt":{"rendered":"<p>Bourrelets en cire droits, moyens, rouge-opaque ou cire de sur\u00e9l\u00e9vation. Bourrelets en cire, pr\u00e9form\u00e9s et droits avec gorge de positionnement sur la cr\u00eate ce qui permet une fixation ais\u00e9e. Disponible en trois duret\u00e9s, quatre couleurs, pr\u00e9form\u00e9s pour les proth\u00e8ses compl\u00e8tes, droits pour les proth\u00e8ses partielles.Les bourrelets en cire sont livrables avec ou sans oxyde. Ceux [&hellip;]<\/p>\n","protected":false},"featured_media":42801,"comment_status":"open","ping_status":"closed","template":"","meta":[],"product_cat":[1444],"product_tag":[1509,1637,1475,1729,1640,1641,1453,1557,1512,1642,1693],"class_list":{"0":"post-42372","1":"product","2":"type-product","3":"status-publish","4":"has-post-thumbnail","6":"product_cat-non-classe","7":"product_tag-accessoires-restauration","8":"product_tag-fournitures-laboratoire","9":"product_tag-laboratoire","10":"product_tag-occlusion_cire","11":"product_tag-outillage","12":"product_tag-papier-docclusion","13":"product_tag-produits-annexes","14":"product_tag-restauration","15":"product_tag-specialite_restauration","16":"product_tag-type_occlusion","17":"product_tag-wax","19":"first","20":"instock","21":"shipping-taxable","22":"purchasable","23":"product-type-simple"},"_links":{"self":[{"href":"https:\/\/dentafrica.com\/index.php?rest_route=\/wp\/v2\/product\/42372","targetHints":{"allow":["GET"]}}],"collection":[{"href":"https:\/\/dentafrica.com\/index.php?rest_route=\/wp\/v2\/product"}],"about":[{"href":"https:\/\/dentafrica.com\/index.php?rest_route=\/wp\/v2\/types\/product"}],"replies":[{"embeddable":true,"href":"https:\/\/dentafrica.com\/index.php?rest_route=%2Fwp%2Fv2%2Fcomments&post=42372"}],"wp:featuredmedia":[{"embeddable":true,"href":"https:\/\/dentafrica.com\/index.php?rest_route=\/wp\/v2\/media\/42801"}],"wp:attachment":[{"href":"https:\/\/dentafrica.com\/index.php?rest_route=%2Fwp%2Fv2%2Fmedia&parent=42372"}],"wp:term":[{"taxonomy":"product_cat","embeddable":true,"href":"https:\/\/dentafrica.com\/index.php?rest_route=%2Fwp%2Fv2%2Fproduct_cat&post=42372"},{"taxonomy":"product_tag","embeddable":true,"href":"https:\/\/dentafrica.com\/index.php?rest_route=%2Fwp%2Fv2%2Fproduct_tag&post=42372"}],"curies":[{"name":"wp","href":"https:\/\/api.w.org\/{rel}","templated":true}]}}