{"id":41675,"date":"2023-06-26T15:31:39","date_gmt":"2023-06-26T15:31:39","guid":{"rendered":"https:\/\/dentafrica.com\/?product=boite-de-100-aiguilles-anesthesie-periapicale-nop"},"modified":"2024-04-25T17:42:56","modified_gmt":"2024-04-25T17:42:56","slug":"boite-de-100-aiguilles-anesthesie-periapicale-nop","status":"publish","type":"product","link":"https:\/\/dentafrica.com\/?product=boite-de-100-aiguilles-anesthesie-periapicale-nop","title":{"rendered":"Bo\u00eete de 100 aiguilles anesth\u00e9sie p\u00e9riapicale NOP"},"content":{"rendered":"<p>Avantages<br \/>\u2022 Lancette \u00e0 triple biseau ultra pr\u00e9cise permettant de p\u00e9n\u00e9trer doucement les tissus, am\u00e9liorant le confort du patient<br \/>\u2022 Rev\u00eatement en silicone permettant de r\u00e9duire de mani\u00e8re significative la douleur et l&rsquo;endommagement des tissus<br \/>\u2022 Indicateur \u00e0 biseau triangulaire pour l&rsquo;orientation de l&#8217;embout de l&rsquo;aiguille<br \/>\u2022 St\u00e9rilisation OE<\/p>\n<p>Vendues par bo\u00eete de 100 aiguilles.<\/p>\n<p>\u00a0<\/p>\n<p>\u00a0\u00a0<\/p>\n","protected":false},"excerpt":{"rendered":"<p>Avantages\u2022 Lancette \u00e0 triple biseau ultra pr\u00e9cise permettant de p\u00e9n\u00e9trer doucement les tissus, am\u00e9liorant le confort du patient\u2022 Rev\u00eatement en silicone permettant de r\u00e9duire de mani\u00e8re significative la douleur et l&rsquo;endommagement des tissus\u2022 Indicateur \u00e0 biseau triangulaire pour l&rsquo;orientation de l&#8217;embout de l&rsquo;aiguille\u2022 St\u00e9rilisation OE Vendues par bo\u00eete de 100 aiguilles. \u00a0 \u00a0\u00a0<\/p>\n","protected":false},"featured_media":42142,"comment_status":"open","ping_status":"closed","template":"","meta":[],"product_cat":[1444],"product_tag":[607,784,608,1459,1540,1450,1452,1466,1453,1468,1500,1460,1469],"class_list":{"0":"post-41675","1":"product","2":"type-product","3":"status-publish","4":"has-post-thumbnail","6":"product_cat-non-classe","7":"product_tag-aiguille-anesthesie","8":"product_tag-anesthesie","9":"product_tag-anesthesie_aiguille","10":"product_tag-endodontie","11":"product_tag-les-accessoires","12":"product_tag-marque_spident","13":"product_tag-omnipratique","14":"product_tag-pharmacie-usage-unique","15":"product_tag-produits-annexes","16":"product_tag-safe-implant","17":"product_tag-seringues-et-aiguilles","18":"product_tag-specialite_endodontie","19":"product_tag-usage-unique","21":"first","22":"instock","23":"shipping-taxable","24":"purchasable","25":"product-type-variable"},"_links":{"self":[{"href":"https:\/\/dentafrica.com\/index.php?rest_route=\/wp\/v2\/product\/41675","targetHints":{"allow":["GET"]}}],"collection":[{"href":"https:\/\/dentafrica.com\/index.php?rest_route=\/wp\/v2\/product"}],"about":[{"href":"https:\/\/dentafrica.com\/index.php?rest_route=\/wp\/v2\/types\/product"}],"replies":[{"embeddable":true,"href":"https:\/\/dentafrica.com\/index.php?rest_route=%2Fwp%2Fv2%2Fcomments&post=41675"}],"wp:featuredmedia":[{"embeddable":true,"href":"https:\/\/dentafrica.com\/index.php?rest_route=\/wp\/v2\/media\/42142"}],"wp:attachment":[{"href":"https:\/\/dentafrica.com\/index.php?rest_route=%2Fwp%2Fv2%2Fmedia&parent=41675"}],"wp:term":[{"taxonomy":"product_cat","embeddable":true,"href":"https:\/\/dentafrica.com\/index.php?rest_route=%2Fwp%2Fv2%2Fproduct_cat&post=41675"},{"taxonomy":"product_tag","embeddable":true,"href":"https:\/\/dentafrica.com\/index.php?rest_route=%2Fwp%2Fv2%2Fproduct_tag&post=41675"}],"curies":[{"name":"wp","href":"https:\/\/api.w.org\/{rel}","templated":true}]}}