{"id":41492,"date":"2023-06-26T15:30:01","date_gmt":"2023-06-26T15:30:01","guid":{"rendered":"https:\/\/dentafrica.com\/?product=bliss-colombia-13-14-curette-universelles-acteon"},"modified":"2024-04-25T17:42:41","modified_gmt":"2024-04-25T17:42:41","slug":"bliss-colombia-13-14-curette-universelles-acteon","status":"publish","type":"product","link":"https:\/\/dentafrica.com\/?product=bliss-colombia-13-14-curette-universelles-acteon","title":{"rendered":"Bliss Colombia 13-14 Curette universelles &#8211; ACTEON"},"content":{"rendered":"<p><span style=\"font-size: 10pt; font-family: Arial; font-style: normal; text-align: center;\">Colombia 13-14 est une curette universelles de Bliss by ACTEON. Pour \u00e9liminer le tartre mod\u00e9r\u00e9 \u00e0 important de toutes les surfaces dentaires supragingivales et sous-gingivales. Pour les molaires. <\/span><\/p>\n<p>L&rsquo;ergonomie et les performances de la partie travaillante permettent un geste ma\u00eetris\u00e9 et ferme et visent \u00e0 r\u00e9duire la fatigue des mains et des poignets.<br \/>Les curettes universelles sont con\u00e7ues avec une extr\u00e9mit\u00e9 arrondie et deux ar\u00eates tranchantes pour \u00e9liminer le tartre mod\u00e9r\u00e9 \u00e0 important sur toutes les surfaces dentaires supragingivales et sous-gingivales.<\/p>\n","protected":false},"excerpt":{"rendered":"<p>Colombia 13-14 est une curette universelles de Bliss by ACTEON. Pour \u00e9liminer le tartre mod\u00e9r\u00e9 \u00e0 important de toutes les surfaces dentaires supragingivales et sous-gingivales. Pour les molaires. L&rsquo;ergonomie et les performances de la partie travaillante permettent un geste ma\u00eetris\u00e9 et ferme et visent \u00e0 r\u00e9duire la fatigue des mains et des poignets.Les curettes universelles [&hellip;]<\/p>\n","protected":false},"featured_media":41861,"comment_status":"open","ping_status":"closed","template":"","meta":[],"product_cat":[1444],"product_tag":[1672,1673,1495,1452,1674,1453,1468,1675],"class_list":{"0":"post-41492","1":"product","2":"type-product","3":"status-publish","4":"has-post-thumbnail","6":"product_cat-non-classe","7":"product_tag-curettes-gracey-et-detartreurs","8":"product_tag-instrument_curette-gracey-et-detartreur","9":"product_tag-instruments","10":"product_tag-omnipratique","11":"product_tag-parodontie","12":"product_tag-produits-annexes","13":"product_tag-safe-implant","14":"product_tag-specialite_parodontie","16":"first","17":"instock","18":"shipping-taxable","19":"purchasable","20":"product-type-simple"},"_links":{"self":[{"href":"https:\/\/dentafrica.com\/index.php?rest_route=\/wp\/v2\/product\/41492","targetHints":{"allow":["GET"]}}],"collection":[{"href":"https:\/\/dentafrica.com\/index.php?rest_route=\/wp\/v2\/product"}],"about":[{"href":"https:\/\/dentafrica.com\/index.php?rest_route=\/wp\/v2\/types\/product"}],"replies":[{"embeddable":true,"href":"https:\/\/dentafrica.com\/index.php?rest_route=%2Fwp%2Fv2%2Fcomments&post=41492"}],"wp:featuredmedia":[{"embeddable":true,"href":"https:\/\/dentafrica.com\/index.php?rest_route=\/wp\/v2\/media\/41861"}],"wp:attachment":[{"href":"https:\/\/dentafrica.com\/index.php?rest_route=%2Fwp%2Fv2%2Fmedia&parent=41492"}],"wp:term":[{"taxonomy":"product_cat","embeddable":true,"href":"https:\/\/dentafrica.com\/index.php?rest_route=%2Fwp%2Fv2%2Fproduct_cat&post=41492"},{"taxonomy":"product_tag","embeddable":true,"href":"https:\/\/dentafrica.com\/index.php?rest_route=%2Fwp%2Fv2%2Fproduct_tag&post=41492"}],"curies":[{"name":"wp","href":"https:\/\/api.w.org\/{rel}","templated":true}]}}