{"id":40437,"date":"2023-06-26T15:23:34","date_gmt":"2023-06-26T15:23:34","guid":{"rendered":"https:\/\/dentafrica.com\/?product=20-visieres-de-protection"},"modified":"2024-04-25T17:41:09","modified_gmt":"2024-04-25T17:41:09","slug":"20-visieres-de-protection","status":"publish","type":"product","link":"https:\/\/dentafrica.com\/?product=20-visieres-de-protection","title":{"rendered":"20 Visi\u00e8res de protection"},"content":{"rendered":"<p>20 Visi\u00e8res de protection contre les projections. Facilement lavable et r\u00e9utilisable elle peut \u00eatre port\u00e9e confortablement avec des lunettes ou un masque de protection.<\/p>\n","protected":false},"excerpt":{"rendered":"<p>20 Visi\u00e8res de protection contre les projections. Facilement lavable et r\u00e9utilisable elle peut \u00eatre port\u00e9e confortablement avec des lunettes ou un masque de protection.<\/p>\n","protected":false},"featured_media":40487,"comment_status":"open","ping_status":"closed","template":"","meta":[],"product_cat":[1444],"product_tag":[1486,1474,1488,1489,1468],"class_list":{"0":"post-40437","1":"product","2":"type-product","3":"status-publish","4":"has-post-thumbnail","6":"product_cat-non-classe","7":"product_tag-autres-protections","8":"product_tag-hygiene-et-entretien","9":"product_tag-protection","10":"product_tag-protection_autres-protections","11":"product_tag-safe-implant","13":"first","14":"instock","15":"shipping-taxable","16":"purchasable","17":"product-type-simple"},"_links":{"self":[{"href":"https:\/\/dentafrica.com\/index.php?rest_route=\/wp\/v2\/product\/40437","targetHints":{"allow":["GET"]}}],"collection":[{"href":"https:\/\/dentafrica.com\/index.php?rest_route=\/wp\/v2\/product"}],"about":[{"href":"https:\/\/dentafrica.com\/index.php?rest_route=\/wp\/v2\/types\/product"}],"replies":[{"embeddable":true,"href":"https:\/\/dentafrica.com\/index.php?rest_route=%2Fwp%2Fv2%2Fcomments&post=40437"}],"wp:featuredmedia":[{"embeddable":true,"href":"https:\/\/dentafrica.com\/index.php?rest_route=\/wp\/v2\/media\/40487"}],"wp:attachment":[{"href":"https:\/\/dentafrica.com\/index.php?rest_route=%2Fwp%2Fv2%2Fmedia&parent=40437"}],"wp:term":[{"taxonomy":"product_cat","embeddable":true,"href":"https:\/\/dentafrica.com\/index.php?rest_route=%2Fwp%2Fv2%2Fproduct_cat&post=40437"},{"taxonomy":"product_tag","embeddable":true,"href":"https:\/\/dentafrica.com\/index.php?rest_route=%2Fwp%2Fv2%2Fproduct_tag&post=40437"}],"curies":[{"name":"wp","href":"https:\/\/api.w.org\/{rel}","templated":true}]}}