{"id":40401,"date":"2023-06-26T15:23:18","date_gmt":"2023-06-26T15:23:18","guid":{"rendered":"https:\/\/dentafrica.com\/?product=100-couvre-chaussures-pe-bleu-jet"},"modified":"2024-04-25T17:41:06","modified_gmt":"2024-04-25T17:41:06","slug":"100-couvre-chaussures-pe-bleu-jet","status":"publish","type":"product","link":"https:\/\/dentafrica.com\/?product=100-couvre-chaussures-pe-bleu-jet","title":{"rendered":"100 couvre-chaussures PE Bleu &#8211; Jet"},"content":{"rendered":"<p><font style=\"vertical-align: inherit;\"><font style=\"vertical-align: inherit;\">Par sachet de 100 pi\u00e8ces <\/font><\/font><br \/><font style=\"vertical-align: inherit;\"><font style=\"vertical-align: inherit;\">Taille unique\u00a0<\/font><\/font><\/p>\n<p><font style=\"vertical-align: inherit;\"><font style=\"vertical-align: inherit;\">Sur-chaussure non st\u00e9rile pour \u00e9viter la propagation de germes et de bact\u00e9ries<\/font><\/font><\/p>\n<p><font style=\"vertical-align: inherit;\"><font style=\"vertical-align: inherit;\">Ces 100 sur-chaussures JET bleues s&rsquo;enfilent facilement par-dessus n&rsquo;importe quelle paire de chaussures.<\/font><\/font><\/p>\n<p><font style=\"vertical-align: inherit;\"><font style=\"vertical-align: inherit;\">Cette protection des pieds permet de prot\u00e9ger le sol des bact\u00e9ries pouvant \u00eatre ramen\u00e9s de l&rsquo;ext\u00e9rieur. <\/font><font style=\"vertical-align: inherit;\">De plus, elles prot\u00e8gent les chaussures d&rsquo;\u00e9ventuelles projections ou salissures.<\/font><\/font><\/p>\n<p><font style=\"vertical-align: inherit;\"><font style=\"vertical-align: inherit;\">Compos\u00e9es de poly\u00e9thyl\u00e8ne, elles sont tr\u00e8s fines et tr\u00e8s bonnes.<\/font><\/font><\/p>\n","protected":false},"excerpt":{"rendered":"<p>Par sachet de 100 pi\u00e8ces Taille unique\u00a0 Sur-chaussure non st\u00e9rile pour \u00e9viter la propagation de germes et de bact\u00e9ries Ces 100 sur-chaussures JET bleues s&rsquo;enfilent facilement par-dessus n&rsquo;importe quelle paire de chaussures. Cette protection des pieds permet de prot\u00e9ger le sol des bact\u00e9ries pouvant \u00eatre ramen\u00e9s de l&rsquo;ext\u00e9rieur. De plus, elles prot\u00e8gent les chaussures d&rsquo;\u00e9ventuelles [&hellip;]<\/p>\n","protected":false},"featured_media":40449,"comment_status":"open","ping_status":"closed","template":"","meta":[],"product_cat":[1444],"product_tag":[1486,1474,1487,1466,1453,1488,1489,1469],"class_list":{"0":"post-40401","1":"product","2":"type-product","3":"status-publish","4":"has-post-thumbnail","6":"product_cat-non-classe","7":"product_tag-autres-protections","8":"product_tag-hygiene-et-entretien","9":"product_tag-marque_jet","10":"product_tag-pharmacie-usage-unique","11":"product_tag-produits-annexes","12":"product_tag-protection","13":"product_tag-protection_autres-protections","14":"product_tag-usage-unique","16":"first","17":"instock","18":"shipping-taxable","19":"purchasable","20":"product-type-simple"},"_links":{"self":[{"href":"https:\/\/dentafrica.com\/index.php?rest_route=\/wp\/v2\/product\/40401","targetHints":{"allow":["GET"]}}],"collection":[{"href":"https:\/\/dentafrica.com\/index.php?rest_route=\/wp\/v2\/product"}],"about":[{"href":"https:\/\/dentafrica.com\/index.php?rest_route=\/wp\/v2\/types\/product"}],"replies":[{"embeddable":true,"href":"https:\/\/dentafrica.com\/index.php?rest_route=%2Fwp%2Fv2%2Fcomments&post=40401"}],"wp:featuredmedia":[{"embeddable":true,"href":"https:\/\/dentafrica.com\/index.php?rest_route=\/wp\/v2\/media\/40449"}],"wp:attachment":[{"href":"https:\/\/dentafrica.com\/index.php?rest_route=%2Fwp%2Fv2%2Fmedia&parent=40401"}],"wp:term":[{"taxonomy":"product_cat","embeddable":true,"href":"https:\/\/dentafrica.com\/index.php?rest_route=%2Fwp%2Fv2%2Fproduct_cat&post=40401"},{"taxonomy":"product_tag","embeddable":true,"href":"https:\/\/dentafrica.com\/index.php?rest_route=%2Fwp%2Fv2%2Fproduct_tag&post=40401"}],"curies":[{"name":"wp","href":"https:\/\/api.w.org\/{rel}","templated":true}]}}