{"id":40391,"date":"2023-06-26T15:23:09","date_gmt":"2023-06-26T15:23:09","guid":{"rendered":"https:\/\/dentafrica.com\/?product=10-boites-1-offerte-6x-bond-apatite-comblement-osseux-instantane-par-augma-biomaterials"},"modified":"2024-04-25T17:41:05","modified_gmt":"2024-04-25T17:41:05","slug":"10-boites-1-offerte-6x-bond-apatite-comblement-osseux-instantane-par-augma-biomaterials","status":"publish","type":"product","link":"https:\/\/dentafrica.com\/?product=10-boites-1-offerte-6x-bond-apatite-comblement-osseux-instantane-par-augma-biomaterials","title":{"rendered":"10 bo\u00eetes + 1 offerte 6x Bond Apatite\u2122 comblement osseux instantan\u00e9 par Augma Biomaterials\u2122"},"content":{"rendered":"<div><strong><span style=\"vertical-align: inherit;\"><span style=\"vertical-align: inherit;\"><span style=\"vertical-align: inherit;\"><span style=\"vertical-align: inherit;\">10 bo\u00eetes + 1 offerte de 6x Bond Apatite\u2122, soit 66 seringues.<\/span><\/span><\/span><\/span><\/strong><\/div>\n<div><\/div>\n<div><strong><span style=\"vertical-align: inherit;\"><span style=\"vertical-align: inherit;\"><span style=\"vertical-align: inherit;\"><span style=\"vertical-align: inherit;\">4 avantages :\u00a0 \u00a0\u00a0<\/span><\/span><\/span><\/span><\/strong><\/div>\n<ul>\n<li><span style=\"vertical-align: inherit;\"><span style=\"vertical-align: inherit;\"><span style=\"vertical-align: inherit;\"><span style=\"vertical-align: inherit;\">tr\u00e8s facile d&rsquo;utilisation, pose en seulement 3 \u00e9tapes.<\/span><\/span><\/span><\/span><\/li>\n<li><span style=\"vertical-align: inherit;\"><span style=\"vertical-align: inherit;\"><span style=\"vertical-align: inherit;\"><span style=\"vertical-align: inherit;\">imm\u00e9diatement l&rsquo;invagination des tissus mous et permet donc l&rsquo;\u00e9conomie d&rsquo;une membrane.<\/span><\/span><\/span><\/span><\/li>\n<li><span style=\"vertical-align: inherit;\"><span style=\"vertical-align: inherit;\"><span style=\"vertical-align: inherit;\"><span style=\"vertical-align: inherit;\">r\u00e9g\u00e9n\u00e8re l&rsquo;os du patient. <\/span><\/span><\/span><span style=\"vertical-align: inherit;\"><span style=\"vertical-align: inherit;\"><span style=\"vertical-align: inherit;\">C&rsquo;est donc au final l&rsquo;os du patient dans lequel l&rsquo;implant est int\u00e9gr\u00e9.\u00a0<\/span><\/span><\/span><\/span><\/li>\n<li><span style=\"vertical-align: inherit;\"><span style=\"vertical-align: inherit;\"><span style=\"vertical-align: inherit;\"><span style=\"vertical-align: inherit;\">on r\u00e9ouvre \u00e0 3 mois et non \u00e0 6 mois permettant de traiter 2 fois plus de patients par an.\u00a0 \u00a0\u00a0<\/span><\/span><\/span><\/span><\/li>\n<\/ul>\n<p><span style=\"vertical-align: inherit;\"><span style=\"vertical-align: inherit;\"><span style=\"vertical-align: inherit;\"><span style=\"vertical-align: inherit;\">en savoir plus sur : <\/span><\/span><\/span><\/span><a href=\"http:\/\/www.augma.fr\"><span style=\"vertical-align: inherit;\"><span style=\"vertical-align: inherit;\"><span style=\"vertical-align: inherit;\"><span style=\"vertical-align: inherit;\">www.augma.fr<\/span><\/span><\/span><\/span><\/a>\u00a0<\/p>\n","protected":false},"excerpt":{"rendered":"<p>10 bo\u00eetes + 1 offerte de 6x Bond Apatite\u2122, soit 66 seringues. 4 avantages :\u00a0 \u00a0\u00a0 tr\u00e8s facile d&rsquo;utilisation, pose en seulement 3 \u00e9tapes. imm\u00e9diatement l&rsquo;invagination des tissus mous et permet donc l&rsquo;\u00e9conomie d&rsquo;une membrane. r\u00e9g\u00e9n\u00e8re l&rsquo;os du patient. C&rsquo;est donc au final l&rsquo;os du patient dans lequel l&rsquo;implant est int\u00e9gr\u00e9.\u00a0 on r\u00e9ouvre \u00e0 3 [&hellip;]<\/p>\n","protected":false},"featured_media":40407,"comment_status":"open","ping_status":"closed","template":"","meta":[],"product_cat":[1444],"product_tag":[1462,1463,1464,1465,546,1466,1453,1467,873,1468,1469],"class_list":{"0":"post-40391","1":"product","2":"type-product","3":"status-publish","4":"has-post-thumbnail","6":"product_cat-non-classe","7":"product_tag-augma-bond-apatite","8":"product_tag-comblement-osseux","9":"product_tag-les-biomateriaux","10":"product_tag-les-biomateriaux-fils-de-suture","11":"product_tag-marque_augma","12":"product_tag-pharmacie-usage-unique","13":"product_tag-produits-annexes","14":"product_tag-promotions","15":"product_tag-promotions-biomateriaux-fils-de-suture","16":"product_tag-safe-implant","17":"product_tag-usage-unique","19":"first","20":"instock","21":"shipping-taxable","22":"purchasable","23":"product-type-simple"},"_links":{"self":[{"href":"https:\/\/dentafrica.com\/index.php?rest_route=\/wp\/v2\/product\/40391","targetHints":{"allow":["GET"]}}],"collection":[{"href":"https:\/\/dentafrica.com\/index.php?rest_route=\/wp\/v2\/product"}],"about":[{"href":"https:\/\/dentafrica.com\/index.php?rest_route=\/wp\/v2\/types\/product"}],"replies":[{"embeddable":true,"href":"https:\/\/dentafrica.com\/index.php?rest_route=%2Fwp%2Fv2%2Fcomments&post=40391"}],"wp:featuredmedia":[{"embeddable":true,"href":"https:\/\/dentafrica.com\/index.php?rest_route=\/wp\/v2\/media\/40407"}],"wp:attachment":[{"href":"https:\/\/dentafrica.com\/index.php?rest_route=%2Fwp%2Fv2%2Fmedia&parent=40391"}],"wp:term":[{"taxonomy":"product_cat","embeddable":true,"href":"https:\/\/dentafrica.com\/index.php?rest_route=%2Fwp%2Fv2%2Fproduct_cat&post=40391"},{"taxonomy":"product_tag","embeddable":true,"href":"https:\/\/dentafrica.com\/index.php?rest_route=%2Fwp%2Fv2%2Fproduct_tag&post=40391"}],"curies":[{"name":"wp","href":"https:\/\/api.w.org\/{rel}","templated":true}]}}